{"id":1497,"date":"2024-04-01T18:18:53","date_gmt":"2024-04-01T16:18:53","guid":{"rendered":"https:\/\/danaepanchaud.net\/?page_id=1497"},"modified":"2024-04-01T18:19:46","modified_gmt":"2024-04-01T16:19:46","slug":"hannah-darabi-youre-so-tehran","status":"publish","type":"page","link":"https:\/\/danaepanchaud.net\/index.php\/exhibitions\/hannah-darabi-youre-so-tehran\/","title":{"rendered":"Hannah Darabi. You&#8217;re so Tehran!"},"content":{"rendered":"\n<figure class=\"wp-block-image size-large\"><img loading=\"lazy\" decoding=\"async\" width=\"1024\" height=\"768\" src=\"https:\/\/danaepanchaud.net\/wp-content\/uploads\/2024\/04\/CPG_HannahDarabi_\u00a9LeonardRossi_01-1024x768.jpg\" alt=\"\" class=\"wp-image-1498\" srcset=\"https:\/\/danaepanchaud.net\/wp-content\/uploads\/2024\/04\/CPG_HannahDarabi_\u00a9LeonardRossi_01-1024x768.jpg 1024w, https:\/\/danaepanchaud.net\/wp-content\/uploads\/2024\/04\/CPG_HannahDarabi_\u00a9LeonardRossi_01-300x225.jpg 300w, https:\/\/danaepanchaud.net\/wp-content\/uploads\/2024\/04\/CPG_HannahDarabi_\u00a9LeonardRossi_01-768x576.jpg 768w, https:\/\/danaepanchaud.net\/wp-content\/uploads\/2024\/04\/CPG_HannahDarabi_\u00a9LeonardRossi_01-1536x1152.jpg 1536w, https:\/\/danaepanchaud.net\/wp-content\/uploads\/2024\/04\/CPG_HannahDarabi_\u00a9LeonardRossi_01-2048x1536.jpg 2048w\" sizes=\"auto, (max-width: 1024px) 100vw, 1024px\" \/><\/figure>\n\n\n\n<p><strong>2023 | Centre de la photographie Gen\u00e8ve<\/strong><\/p>\n\n\n\n<p>Hannah Darabi\u2019s exhibition brings together two of the artist\u2019s projects on visual culture related to Iran. <em>Soleil of Persian Square <\/em>(2017-2021) is an investigation into the visual identity of the Iranian diaspora\u2019s lifestyle in Los Angeles. It attempts to give a face to the fictional city called \u2018Tehrangeles\u2019, which the artist discovered through images associated with popular music in her teenage years. The project weaves together ordinary landscapes of Los Angeles and Orange County, portraits of its inhabitants, and popular culture productions such as cassette sleeves, song lyrics, music videos from the 1980s and 1990s, and pages from directories featuring the activities of this diaspora. <em>Soleil of Persian Square <\/em>is not only a journey from real to imaginary space, but also a way of life and a way of thinking embodied in popular culture, which today is positioned against the moral values of the current Iranian regime.<\/p>\n\n\n\n<p><em>Haut Bas Fragile <\/em>investigates the possibility of representing the city of Tehran, which has long resisted the photographic image. These images are not documents of the failings of urban modernity, nor are they visual conventions for picturesque or exotic imagery: they refer to an aesthetic of the ordinary and the common. Composed of multiple layers, this project intends to offer an alternative image of Tehran, showing its most visible, and for that very reason often ignored side, by fabricating micro-histories of the ordinary city.<\/p>\n\n\n\n<p class=\"has-text-color has-link-color wp-elements-178ccac7dd31fd1a60bf72812ab6e9a7\" style=\"color:#8e8e8e\">L\u2019exposition <em>You\u2019re So Tehran! <\/em>regroupe pour la premip\u00e8re fois deux projets d\u2019Hannah Darabi sur la culture visuelle li\u00e9e \u00e0 l\u2019Iran. <em>Soleil of Persian Square <\/em>(2017-2021) est une recherche sur l\u2019identit\u00e9 visuelle du style de vie de la diaspora iranienne \u00e0 Los Angeles. Elle tente de donner un visage \u00e0 cette ville fictionnelle qui a pour nom \u00ab Tehrangeles \u00bb, que l\u2019artiste a d\u00e9couverte \u00e0 travers des images associ\u00e9es \u00e0 la musique populaire dans ses ann\u00e9es d\u2019adolescence. Le projet tisse des liens entre des paysages ordinaires de Los Angeles et d\u2019Orange County, des portraits de ses habitants, et des objets issus de la culture populaire, tels que des pochettes de cassettes, des paroles de chansons, des clips musicaux des ann\u00e9es 1980 et 1990, ou encore des pages d\u2019annuaires consacr\u00e9s aux activit\u00e9s de cette diaspora. <em>Soleil of Persian Square <\/em>ne d\u00e9signe pas seulement un voyage de l\u2019espace r\u00e9el \u00e0 celui de l\u2019imaginaire, mais aussi un mode de vie et une fa\u00e7on de penser incarn\u00e9s dans la culture populaire, qui se positionne aujourd\u2019hui contre les valeurs morales du r\u00e9gime iranien actuel.<\/p>\n\n\n\n<p class=\"has-text-color has-link-color wp-elements-53bab5b5c84d901dfb96cb18be1dd49f\" style=\"color:#8e8e8e\"><em>Haut Bas Fragile <\/em>(2013-2016) investigue la possibilit\u00e9 de repr\u00e9senter la ville de T\u00e9h\u00e9ran, laquelle a longtemps r\u00e9sist\u00e9 \u00e0 l\u2019image photographique. Ces images ne constituent pas des documents susceptibles d\u2019illustrer l\u2019\u00e9chec d\u2019une modernit\u00e9 urbanistique ni des conventions visuelles en vue d\u2019une imagerie pittoresque ou exotique, mais renvoient \u00e0 une esth\u00e9tique de l\u2019ordinaire et du commun. Compos\u00e9 de multiples couches, ce projet entend proposer une image alternative de T\u00e9h\u00e9ran, sa face la plus visible, et pour cela m\u00eame ignor\u00e9e, en fabriquant des microhistoires de la ville ordinaire.<\/p>\n\n\n\n<figure class=\"wp-block-image size-large\"><img loading=\"lazy\" decoding=\"async\" width=\"1024\" height=\"768\" src=\"https:\/\/danaepanchaud.net\/wp-content\/uploads\/2024\/04\/CPG_HannahDarabi_\u00a9LeonardRossi_03-1024x768.jpg\" alt=\"\" class=\"wp-image-1499\" srcset=\"https:\/\/danaepanchaud.net\/wp-content\/uploads\/2024\/04\/CPG_HannahDarabi_\u00a9LeonardRossi_03-1024x768.jpg 1024w, https:\/\/danaepanchaud.net\/wp-content\/uploads\/2024\/04\/CPG_HannahDarabi_\u00a9LeonardRossi_03-300x225.jpg 300w, https:\/\/danaepanchaud.net\/wp-content\/uploads\/2024\/04\/CPG_HannahDarabi_\u00a9LeonardRossi_03-768x576.jpg 768w, https:\/\/danaepanchaud.net\/wp-content\/uploads\/2024\/04\/CPG_HannahDarabi_\u00a9LeonardRossi_03-1536x1152.jpg 1536w, https:\/\/danaepanchaud.net\/wp-content\/uploads\/2024\/04\/CPG_HannahDarabi_\u00a9LeonardRossi_03-2048x1536.jpg 2048w\" sizes=\"auto, (max-width: 1024px) 100vw, 1024px\" \/><\/figure>\n\n\n\n<figure class=\"wp-block-image size-large\"><img loading=\"lazy\" decoding=\"async\" width=\"1024\" height=\"768\" src=\"https:\/\/danaepanchaud.net\/wp-content\/uploads\/2024\/04\/CPG_HannahDarabi_\u00a9LeonardRossi_06-1024x768.jpg\" alt=\"\" class=\"wp-image-1501\" srcset=\"https:\/\/danaepanchaud.net\/wp-content\/uploads\/2024\/04\/CPG_HannahDarabi_\u00a9LeonardRossi_06-1024x768.jpg 1024w, https:\/\/danaepanchaud.net\/wp-content\/uploads\/2024\/04\/CPG_HannahDarabi_\u00a9LeonardRossi_06-300x225.jpg 300w, https:\/\/danaepanchaud.net\/wp-content\/uploads\/2024\/04\/CPG_HannahDarabi_\u00a9LeonardRossi_06-768x576.jpg 768w, https:\/\/danaepanchaud.net\/wp-content\/uploads\/2024\/04\/CPG_HannahDarabi_\u00a9LeonardRossi_06-1536x1152.jpg 1536w, https:\/\/danaepanchaud.net\/wp-content\/uploads\/2024\/04\/CPG_HannahDarabi_\u00a9LeonardRossi_06-2048x1536.jpg 2048w\" sizes=\"auto, (max-width: 1024px) 100vw, 1024px\" \/><\/figure>\n\n\n\n<figure class=\"wp-block-image size-large\"><img loading=\"lazy\" decoding=\"async\" width=\"1024\" height=\"768\" src=\"https:\/\/danaepanchaud.net\/wp-content\/uploads\/2024\/04\/CPG_HannahDarabi_\u00a9LeonardRossi_21-1024x768.jpg\" alt=\"\" class=\"wp-image-1508\" srcset=\"https:\/\/danaepanchaud.net\/wp-content\/uploads\/2024\/04\/CPG_HannahDarabi_\u00a9LeonardRossi_21-1024x768.jpg 1024w, https:\/\/danaepanchaud.net\/wp-content\/uploads\/2024\/04\/CPG_HannahDarabi_\u00a9LeonardRossi_21-300x225.jpg 300w, https:\/\/danaepanchaud.net\/wp-content\/uploads\/2024\/04\/CPG_HannahDarabi_\u00a9LeonardRossi_21-768x576.jpg 768w, https:\/\/danaepanchaud.net\/wp-content\/uploads\/2024\/04\/CPG_HannahDarabi_\u00a9LeonardRossi_21-1536x1152.jpg 1536w, https:\/\/danaepanchaud.net\/wp-content\/uploads\/2024\/04\/CPG_HannahDarabi_\u00a9LeonardRossi_21-2048x1536.jpg 2048w\" sizes=\"auto, (max-width: 1024px) 100vw, 1024px\" \/><\/figure>\n\n\n\n<figure class=\"wp-block-image size-large\"><img loading=\"lazy\" decoding=\"async\" width=\"1024\" height=\"768\" src=\"https:\/\/danaepanchaud.net\/wp-content\/uploads\/2024\/04\/CPG_HannahDarabi_\u00a9LeonardRossi_14-1024x768.jpg\" alt=\"\" class=\"wp-image-1503\" srcset=\"https:\/\/danaepanchaud.net\/wp-content\/uploads\/2024\/04\/CPG_HannahDarabi_\u00a9LeonardRossi_14-1024x768.jpg 1024w, https:\/\/danaepanchaud.net\/wp-content\/uploads\/2024\/04\/CPG_HannahDarabi_\u00a9LeonardRossi_14-300x225.jpg 300w, https:\/\/danaepanchaud.net\/wp-content\/uploads\/2024\/04\/CPG_HannahDarabi_\u00a9LeonardRossi_14-768x576.jpg 768w, https:\/\/danaepanchaud.net\/wp-content\/uploads\/2024\/04\/CPG_HannahDarabi_\u00a9LeonardRossi_14-1536x1152.jpg 1536w, https:\/\/danaepanchaud.net\/wp-content\/uploads\/2024\/04\/CPG_HannahDarabi_\u00a9LeonardRossi_14-2048x1536.jpg 2048w\" sizes=\"auto, (max-width: 1024px) 100vw, 1024px\" \/><\/figure>\n\n\n\n<figure class=\"wp-block-image size-large\"><img loading=\"lazy\" decoding=\"async\" width=\"1024\" height=\"768\" src=\"https:\/\/danaepanchaud.net\/wp-content\/uploads\/2024\/04\/CPG_HannahDarabi_\u00a9LeonardRossi_13-1024x768.jpg\" alt=\"\" class=\"wp-image-1502\" srcset=\"https:\/\/danaepanchaud.net\/wp-content\/uploads\/2024\/04\/CPG_HannahDarabi_\u00a9LeonardRossi_13-1024x768.jpg 1024w, https:\/\/danaepanchaud.net\/wp-content\/uploads\/2024\/04\/CPG_HannahDarabi_\u00a9LeonardRossi_13-300x225.jpg 300w, https:\/\/danaepanchaud.net\/wp-content\/uploads\/2024\/04\/CPG_HannahDarabi_\u00a9LeonardRossi_13-768x576.jpg 768w, https:\/\/danaepanchaud.net\/wp-content\/uploads\/2024\/04\/CPG_HannahDarabi_\u00a9LeonardRossi_13-1536x1152.jpg 1536w, https:\/\/danaepanchaud.net\/wp-content\/uploads\/2024\/04\/CPG_HannahDarabi_\u00a9LeonardRossi_13-2048x1536.jpg 2048w\" sizes=\"auto, (max-width: 1024px) 100vw, 1024px\" \/><\/figure>\n\n\n\n<figure class=\"wp-block-image size-large\"><img loading=\"lazy\" decoding=\"async\" width=\"1024\" height=\"768\" src=\"https:\/\/danaepanchaud.net\/wp-content\/uploads\/2024\/04\/CPG_HannahDarabi_\u00a9LeonardRossi_17-1024x768.jpg\" alt=\"\" class=\"wp-image-1504\" srcset=\"https:\/\/danaepanchaud.net\/wp-content\/uploads\/2024\/04\/CPG_HannahDarabi_\u00a9LeonardRossi_17-1024x768.jpg 1024w, https:\/\/danaepanchaud.net\/wp-content\/uploads\/2024\/04\/CPG_HannahDarabi_\u00a9LeonardRossi_17-300x225.jpg 300w, https:\/\/danaepanchaud.net\/wp-content\/uploads\/2024\/04\/CPG_HannahDarabi_\u00a9LeonardRossi_17-768x576.jpg 768w, https:\/\/danaepanchaud.net\/wp-content\/uploads\/2024\/04\/CPG_HannahDarabi_\u00a9LeonardRossi_17-1536x1152.jpg 1536w, https:\/\/danaepanchaud.net\/wp-content\/uploads\/2024\/04\/CPG_HannahDarabi_\u00a9LeonardRossi_17-2048x1536.jpg 2048w\" sizes=\"auto, (max-width: 1024px) 100vw, 1024px\" \/><\/figure>\n\n\n\n<figure class=\"wp-block-image size-large\"><img loading=\"lazy\" decoding=\"async\" width=\"1024\" height=\"768\" src=\"https:\/\/danaepanchaud.net\/wp-content\/uploads\/2024\/04\/CPG_HannahDarabi_\u00a9LeonardRossi_18-1024x768.jpg\" alt=\"\" class=\"wp-image-1506\" srcset=\"https:\/\/danaepanchaud.net\/wp-content\/uploads\/2024\/04\/CPG_HannahDarabi_\u00a9LeonardRossi_18-1024x768.jpg 1024w, https:\/\/danaepanchaud.net\/wp-content\/uploads\/2024\/04\/CPG_HannahDarabi_\u00a9LeonardRossi_18-300x225.jpg 300w, https:\/\/danaepanchaud.net\/wp-content\/uploads\/2024\/04\/CPG_HannahDarabi_\u00a9LeonardRossi_18-768x576.jpg 768w, https:\/\/danaepanchaud.net\/wp-content\/uploads\/2024\/04\/CPG_HannahDarabi_\u00a9LeonardRossi_18-1536x1152.jpg 1536w, https:\/\/danaepanchaud.net\/wp-content\/uploads\/2024\/04\/CPG_HannahDarabi_\u00a9LeonardRossi_18-2048x1536.jpg 2048w\" sizes=\"auto, (max-width: 1024px) 100vw, 1024px\" \/><\/figure>\n\n\n\n<figure class=\"wp-block-image size-large\"><img loading=\"lazy\" decoding=\"async\" width=\"1024\" height=\"768\" src=\"https:\/\/danaepanchaud.net\/wp-content\/uploads\/2024\/04\/CPG_HannahDarabi_\u00a9LeonardRossi_19-1024x768.jpg\" alt=\"\" class=\"wp-image-1507\" srcset=\"https:\/\/danaepanchaud.net\/wp-content\/uploads\/2024\/04\/CPG_HannahDarabi_\u00a9LeonardRossi_19-1024x768.jpg 1024w, https:\/\/danaepanchaud.net\/wp-content\/uploads\/2024\/04\/CPG_HannahDarabi_\u00a9LeonardRossi_19-300x225.jpg 300w, https:\/\/danaepanchaud.net\/wp-content\/uploads\/2024\/04\/CPG_HannahDarabi_\u00a9LeonardRossi_19-768x576.jpg 768w, https:\/\/danaepanchaud.net\/wp-content\/uploads\/2024\/04\/CPG_HannahDarabi_\u00a9LeonardRossi_19-1536x1152.jpg 1536w, https:\/\/danaepanchaud.net\/wp-content\/uploads\/2024\/04\/CPG_HannahDarabi_\u00a9LeonardRossi_19-2048x1536.jpg 2048w\" sizes=\"auto, (max-width: 1024px) 100vw, 1024px\" \/><\/figure>\n\n\n\n<figure class=\"wp-block-image size-large\"><img loading=\"lazy\" decoding=\"async\" width=\"1024\" height=\"768\" src=\"https:\/\/danaepanchaud.net\/wp-content\/uploads\/2024\/04\/CPG_HannahDarabi_\u00a9LeonardRossi_05-1024x768.jpg\" alt=\"\" class=\"wp-image-1500\" srcset=\"https:\/\/danaepanchaud.net\/wp-content\/uploads\/2024\/04\/CPG_HannahDarabi_\u00a9LeonardRossi_05-1024x768.jpg 1024w, https:\/\/danaepanchaud.net\/wp-content\/uploads\/2024\/04\/CPG_HannahDarabi_\u00a9LeonardRossi_05-300x225.jpg 300w, https:\/\/danaepanchaud.net\/wp-content\/uploads\/2024\/04\/CPG_HannahDarabi_\u00a9LeonardRossi_05-768x576.jpg 768w, https:\/\/danaepanchaud.net\/wp-content\/uploads\/2024\/04\/CPG_HannahDarabi_\u00a9LeonardRossi_05-1536x1152.jpg 1536w, https:\/\/danaepanchaud.net\/wp-content\/uploads\/2024\/04\/CPG_HannahDarabi_\u00a9LeonardRossi_05-2048x1536.jpg 2048w\" sizes=\"auto, (max-width: 1024px) 100vw, 1024px\" \/><\/figure>\n\n\n\n<p>Exhibition views by L\u00e9onard Rossi<\/p>\n","protected":false},"excerpt":{"rendered":"<p>2023 | Centre de la photographie Gen\u00e8ve Hannah Darabi\u2019s exhibition brings together two of the artist\u2019s projects on visual culture related to Iran. Soleil of Persian Square (2017-2021) is an investigation into the visual identity of the Iranian diaspora\u2019s lifestyle in Los Angeles. It attempts to give a face to the fictional city called \u2018Tehrangeles\u2019, [&hellip;]<\/p>\n","protected":false},"author":1,"featured_media":0,"parent":182,"menu_order":0,"comment_status":"closed","ping_status":"closed","template":"","meta":{"footnotes":""},"class_list":["post-1497","page","type-page","status-publish","hentry"],"_links":{"self":[{"href":"https:\/\/danaepanchaud.net\/index.php\/wp-json\/wp\/v2\/pages\/1497","targetHints":{"allow":["GET"]}}],"collection":[{"href":"https:\/\/danaepanchaud.net\/index.php\/wp-json\/wp\/v2\/pages"}],"about":[{"href":"https:\/\/danaepanchaud.net\/index.php\/wp-json\/wp\/v2\/types\/page"}],"author":[{"embeddable":true,"href":"https:\/\/danaepanchaud.net\/index.php\/wp-json\/wp\/v2\/users\/1"}],"replies":[{"embeddable":true,"href":"https:\/\/danaepanchaud.net\/index.php\/wp-json\/wp\/v2\/comments?post=1497"}],"version-history":[{"count":1,"href":"https:\/\/danaepanchaud.net\/index.php\/wp-json\/wp\/v2\/pages\/1497\/revisions"}],"predecessor-version":[{"id":1509,"href":"https:\/\/danaepanchaud.net\/index.php\/wp-json\/wp\/v2\/pages\/1497\/revisions\/1509"}],"up":[{"embeddable":true,"href":"https:\/\/danaepanchaud.net\/index.php\/wp-json\/wp\/v2\/pages\/182"}],"wp:attachment":[{"href":"https:\/\/danaepanchaud.net\/index.php\/wp-json\/wp\/v2\/media?parent=1497"}],"curies":[{"name":"wp","href":"https:\/\/api.w.org\/{rel}","templated":true}]}}