{"id":163,"date":"2017-08-16T01:47:41","date_gmt":"2017-08-15T23:47:41","guid":{"rendered":"http:\/\/danaepanchaud.net\/?page_id=163"},"modified":"2017-08-25T16:05:06","modified_gmt":"2017-08-25T14:05:06","slug":"quen-lira-t-on","status":"publish","type":"page","link":"https:\/\/danaepanchaud.net\/index.php\/exhibitions\/quen-lira-t-on\/","title":{"rendered":"Qu&#8217;en lira-t-on?"},"content":{"rendered":"<div class=\"page\" title=\"Page 2\">\n<div class=\"layoutArea\">\n<div class=\"column\">\n<div class=\"page\" title=\"Page 2\">\n<div class=\"layoutArea\">\n<div class=\"column\">\n<p><strong><img loading=\"lazy\" decoding=\"async\" class=\"aligncenter wp-image-164 size-full\" src=\"http:\/\/danaepanchaud.net\/wp-content\/uploads\/2017\/08\/mudac2016_QuEnLiraTon_DS_024.jpg\" alt=\"View of the exhibition Qu'en lira-t-on?\" width=\"2500\" height=\"1669\" srcset=\"https:\/\/danaepanchaud.net\/wp-content\/uploads\/2017\/08\/mudac2016_QuEnLiraTon_DS_024.jpg 2500w, https:\/\/danaepanchaud.net\/wp-content\/uploads\/2017\/08\/mudac2016_QuEnLiraTon_DS_024-300x200.jpg 300w, https:\/\/danaepanchaud.net\/wp-content\/uploads\/2017\/08\/mudac2016_QuEnLiraTon_DS_024-768x513.jpg 768w, https:\/\/danaepanchaud.net\/wp-content\/uploads\/2017\/08\/mudac2016_QuEnLiraTon_DS_024-1024x684.jpg 1024w, https:\/\/danaepanchaud.net\/wp-content\/uploads\/2017\/08\/mudac2016_QuEnLiraTon_DS_024-1200x801.jpg 1200w\" sizes=\"auto, (max-width: 2500px) 100vw, 2500px\" \/><\/strong><\/p>\n<p><strong>Curated with Nicolas Le Moigne, Gabrielle Chappuis and Susanne Hilpert Stuber<\/strong><\/p>\n<p><strong>2016<\/strong><br \/>\n<strong> mudac, Lausanne<\/strong><\/p>\n<p><strong>2017<\/strong><br \/>\n<strong>Biblioth\u00e8que de la Cit\u00e9, Geneva<\/strong><\/p>\n<\/div>\n<\/div>\n<\/div>\n<p>The mudac introduces the rst exhibition on reading&#8230; without books! <em>Qu\u2019en lira-t-on ?<\/em> [What Will We Be Reading?] starts from the idea that, far from disappearing, reading is a pleasure that can now be found in a multitude of sometimes unexpected forms: it is an ode to the joy of reading. Inspired by the French author Daniel Pennac\u2019s 10 rights of the reader, it adds an eleventh right: the right to read without books. In the exhibition, stories slip into whispering pillows, suck us into virtual and immersive worlds, give up their secrets only after decoding and manipulation, and take shape beneath our eyes and our ngers.<\/p>\n<p>Conceived by the industrial designer Nicolas Le Moigne and the mudac team, the exhibition presents a series of sometimes interactive installations, which bring stories to life in poetic, facetious and enchanting ways: we are invited to dive in, whether standing, seated or lying down. Far from proclaiming the end of the paper book as we know it, the aim is to celebrate the pleasure of discovery and the imagination, in words and in images. Ideal for keen readers of all ages, and suitable for children.<\/p>\n<div class=\"page\" title=\"Page 2\">\n<div class=\"layoutArea\">\n<div class=\"column\">\n<p><span style=\"color: #808080;\">Le mudac pr\u00e9sente la premi\u00e8re exposition sur la lecture&#8230; sans livre! Partant du constat que la lecture, bien loin de dispara\u00eetre, est un plaisir qui se d\u00e9cline d\u00e9sormais sous des formes multiples et inattendues, <em>Qu\u2019en lira-t-on<\/em>? est une ode \u00e0 la joie de lire. Inspir\u00e9e des 10 droits du lecteur de l\u2019\u00e9crivain franc\u0327ais Daniel Pennac, elle lui ajoute un onzi\u00e8me droit: le droit de lire sans livre.<\/span><\/p>\n<p><span style=\"color: #808080;\">Dans l\u2019exposition, les histoires se glissent dans des coussins chuchoteurs, nous aspirent dans des mondes virtuels et immersifs, livrent leurs secrets apr\u00e8s d\u00e9codages et manipulations, et prennent forme sous nos yeux ou nos doigts. L\u2019exposition pr\u00e9sente une s\u00e9rie d\u2019installations, interactives pour certaines, qui font vivre les histoires sous des formes po\u00e9tiques, fac\u00e9tieuses ou captivantes, et dans lesquelles <\/span><span style=\"color: #808080;\">on se plonge debout, assis ou couch\u00e9. Loin de proclamer la fin du livre en papier tel que nous le connaissons, elle entend c\u00e9l\u00e9brer le plaisir de la d\u00e9couverte et de l\u2019imaginaire, mis en mots et en images. Pens\u00e9e pour tous ceux qui appr\u00e9cient la lecture, l\u2019exposition s\u2019adresse \u00e9galement au jeune public.<\/span><\/p>\n<\/div>\n<\/div>\n<\/div>\n<p>With contributions by Aur\u00e8le Sack (typography), Rachel Suming (illustration), EPFL+ECAL lab (virtual reality), Thibault Brevet (interactive design), Volumique (web applications), \u00c9ditions anim\u00e9es (web applications)<\/p>\n<p><img loading=\"lazy\" decoding=\"async\" class=\"aligncenter wp-image-168 size-full\" src=\"http:\/\/danaepanchaud.net\/wp-content\/uploads\/2017\/08\/mudac2016_QuEnLiraTon_DS_065.jpg\" alt=\"View of the exhibition Qu'en lira-t-on?\" width=\"2500\" height=\"1669\" srcset=\"https:\/\/danaepanchaud.net\/wp-content\/uploads\/2017\/08\/mudac2016_QuEnLiraTon_DS_065.jpg 2500w, https:\/\/danaepanchaud.net\/wp-content\/uploads\/2017\/08\/mudac2016_QuEnLiraTon_DS_065-300x200.jpg 300w, https:\/\/danaepanchaud.net\/wp-content\/uploads\/2017\/08\/mudac2016_QuEnLiraTon_DS_065-768x513.jpg 768w, https:\/\/danaepanchaud.net\/wp-content\/uploads\/2017\/08\/mudac2016_QuEnLiraTon_DS_065-1024x684.jpg 1024w, https:\/\/danaepanchaud.net\/wp-content\/uploads\/2017\/08\/mudac2016_QuEnLiraTon_DS_065-1200x801.jpg 1200w\" sizes=\"auto, (max-width: 2500px) 100vw, 2500px\" \/><img loading=\"lazy\" decoding=\"async\" class=\"aligncenter wp-image-165 size-full\" src=\"http:\/\/danaepanchaud.net\/wp-content\/uploads\/2017\/08\/mudac2016_QuEnLiraTon_DS_046.jpg\" alt=\"View of the exhibition Qu'en lira-t-on?\" width=\"2500\" height=\"1669\" srcset=\"https:\/\/danaepanchaud.net\/wp-content\/uploads\/2017\/08\/mudac2016_QuEnLiraTon_DS_046.jpg 2500w, https:\/\/danaepanchaud.net\/wp-content\/uploads\/2017\/08\/mudac2016_QuEnLiraTon_DS_046-300x200.jpg 300w, https:\/\/danaepanchaud.net\/wp-content\/uploads\/2017\/08\/mudac2016_QuEnLiraTon_DS_046-768x513.jpg 768w, https:\/\/danaepanchaud.net\/wp-content\/uploads\/2017\/08\/mudac2016_QuEnLiraTon_DS_046-1024x684.jpg 1024w, https:\/\/danaepanchaud.net\/wp-content\/uploads\/2017\/08\/mudac2016_QuEnLiraTon_DS_046-1200x801.jpg 1200w\" sizes=\"auto, (max-width: 2500px) 100vw, 2500px\" \/><\/p>\n<p><img loading=\"lazy\" decoding=\"async\" class=\"aligncenter wp-image-167 size-full\" src=\"http:\/\/danaepanchaud.net\/wp-content\/uploads\/2017\/08\/mudac2016_QuEnLiraTon_DS_059.jpg\" alt=\"View of the exhibition Qu'en lira-t-on?\" width=\"2500\" height=\"1669\" srcset=\"https:\/\/danaepanchaud.net\/wp-content\/uploads\/2017\/08\/mudac2016_QuEnLiraTon_DS_059.jpg 2500w, https:\/\/danaepanchaud.net\/wp-content\/uploads\/2017\/08\/mudac2016_QuEnLiraTon_DS_059-300x200.jpg 300w, https:\/\/danaepanchaud.net\/wp-content\/uploads\/2017\/08\/mudac2016_QuEnLiraTon_DS_059-768x513.jpg 768w, https:\/\/danaepanchaud.net\/wp-content\/uploads\/2017\/08\/mudac2016_QuEnLiraTon_DS_059-1024x684.jpg 1024w, https:\/\/danaepanchaud.net\/wp-content\/uploads\/2017\/08\/mudac2016_QuEnLiraTon_DS_059-1200x801.jpg 1200w\" sizes=\"auto, (max-width: 2500px) 100vw, 2500px\" \/><img loading=\"lazy\" decoding=\"async\" class=\"aligncenter wp-image-169 size-full\" src=\"http:\/\/danaepanchaud.net\/wp-content\/uploads\/2017\/08\/mudac2016_QuEnLiraTon_DS_078.jpg\" alt=\"View of the exhibition Qu'en lira-t-on?\" width=\"2500\" height=\"3745\" srcset=\"https:\/\/danaepanchaud.net\/wp-content\/uploads\/2017\/08\/mudac2016_QuEnLiraTon_DS_078.jpg 2500w, https:\/\/danaepanchaud.net\/wp-content\/uploads\/2017\/08\/mudac2016_QuEnLiraTon_DS_078-200x300.jpg 200w, https:\/\/danaepanchaud.net\/wp-content\/uploads\/2017\/08\/mudac2016_QuEnLiraTon_DS_078-768x1150.jpg 768w, https:\/\/danaepanchaud.net\/wp-content\/uploads\/2017\/08\/mudac2016_QuEnLiraTon_DS_078-684x1024.jpg 684w, https:\/\/danaepanchaud.net\/wp-content\/uploads\/2017\/08\/mudac2016_QuEnLiraTon_DS_078-1200x1798.jpg 1200w\" sizes=\"auto, (max-width: 2500px) 100vw, 2500px\" \/> <span style=\"color: #808080;\">Images: Delphine Schacher<\/span><\/p>\n<\/div>\n<\/div>\n<\/div>\n","protected":false},"excerpt":{"rendered":"<p>Curated with Nicolas Le Moigne, Gabrielle Chappuis and Susanne Hilpert Stuber 2016 mudac, Lausanne 2017 Biblioth\u00e8que de la Cit\u00e9, Geneva The mudac introduces the rst exhibition on reading&#8230; without books! Qu\u2019en lira-t-on ? [What Will We Be Reading?] starts from the idea that, far from disappearing, reading is a pleasure that can now be found [&hellip;]<\/p>\n","protected":false},"author":1,"featured_media":0,"parent":182,"menu_order":10,"comment_status":"closed","ping_status":"closed","template":"","meta":{"footnotes":""},"class_list":["post-163","page","type-page","status-publish","hentry"],"_links":{"self":[{"href":"https:\/\/danaepanchaud.net\/index.php\/wp-json\/wp\/v2\/pages\/163","targetHints":{"allow":["GET"]}}],"collection":[{"href":"https:\/\/danaepanchaud.net\/index.php\/wp-json\/wp\/v2\/pages"}],"about":[{"href":"https:\/\/danaepanchaud.net\/index.php\/wp-json\/wp\/v2\/types\/page"}],"author":[{"embeddable":true,"href":"https:\/\/danaepanchaud.net\/index.php\/wp-json\/wp\/v2\/users\/1"}],"replies":[{"embeddable":true,"href":"https:\/\/danaepanchaud.net\/index.php\/wp-json\/wp\/v2\/comments?post=163"}],"version-history":[{"count":2,"href":"https:\/\/danaepanchaud.net\/index.php\/wp-json\/wp\/v2\/pages\/163\/revisions"}],"predecessor-version":[{"id":301,"href":"https:\/\/danaepanchaud.net\/index.php\/wp-json\/wp\/v2\/pages\/163\/revisions\/301"}],"up":[{"embeddable":true,"href":"https:\/\/danaepanchaud.net\/index.php\/wp-json\/wp\/v2\/pages\/182"}],"wp:attachment":[{"href":"https:\/\/danaepanchaud.net\/index.php\/wp-json\/wp\/v2\/media?parent=163"}],"curies":[{"name":"wp","href":"https:\/\/api.w.org\/{rel}","templated":true}]}}