{"id":447,"date":"2019-03-23T12:41:01","date_gmt":"2019-03-23T11:41:01","guid":{"rendered":"https:\/\/danaepanchaud.net\/?page_id=447"},"modified":"2019-08-19T16:43:37","modified_gmt":"2019-08-19T14:43:37","slug":"sillages","status":"publish","type":"page","link":"https:\/\/danaepanchaud.net\/index.php\/exhibitions\/sillages\/","title":{"rendered":"Sillages"},"content":{"rendered":"\n<figure class=\"wp-block-image\"><img loading=\"lazy\" decoding=\"async\" width=\"1024\" height=\"744\" src=\"https:\/\/danaepanchaud.net\/wp-content\/uploads\/2019\/03\/IMG_4307_s-1024x744.jpg\" alt=\"\" class=\"wp-image-448\" srcset=\"https:\/\/danaepanchaud.net\/wp-content\/uploads\/2019\/03\/IMG_4307_s-1024x744.jpg 1024w, https:\/\/danaepanchaud.net\/wp-content\/uploads\/2019\/03\/IMG_4307_s-300x218.jpg 300w, https:\/\/danaepanchaud.net\/wp-content\/uploads\/2019\/03\/IMG_4307_s-768x558.jpg 768w, https:\/\/danaepanchaud.net\/wp-content\/uploads\/2019\/03\/IMG_4307_s.jpg 1600w\" sizes=\"auto, (max-width: 1024px) 100vw, 1024px\" \/><\/figure>\n\n\n\n<p><strong>2019 | Photoforum Pasquart, Biel<\/strong><\/p>\n\n\n\n<p><em>Sillages<\/em> presents the work of five  photographers who create unexpected links between the fields of perfume  and photography. They highlight common, but often surprising, facets  between photography and fragrance, or visually interpret and magnify  certain characteristics of perfumery. For example, they explore the  strong ties between memory and perfume as well as between memory and  photography, research the molecules that give life to fragrances or  analog photographs, consider smells and images as imprints and vestiges  of an organism, or explore in a subtle way the notions of artificiality  and naturalness, imitation of nature and representation. Their strong  and unique visual universes offer fascinating visual interpretations of  perfumery, a field whose creations remain generally invisible to the  naked eye.<\/p>\n\n\n\n<p>This exhibition is the first of its kind: it addresses certain \ncommon, but little explored, facets between visual and olfactory \nphenomena, using singular and original, and conceptually precise, \napproaches. The works presented, the result of extensive research by the\n artists, are mostly unpublished and produced for the exhibition.<\/p>\n\n\n\n<p style=\"color:#8e8e8e;font-size:-1px\" class=\"has-text-color\">L\u2019exposition <em>Sillages<\/em> pr\u00e9sente les travaux de cinq  photographes cr\u00e9ant des liens entre parfum et photographie. Ils mettent  en lumi\u00e8re des facettes communes, mais souvent inattendues, entre  photographie et fragrance, ou interpr\u00e8tent visuellement et magnifient  certaines facettes de la parfumerie. Ils explorent par exemple les liens  forts entre m\u00e9moire et parfum comme entre m\u00e9moire et photographie,  s\u2019int\u00e9ressent aux mol\u00e9cules qui donnent vie aux fragrances ou images  argentiques, consid\u00e8rent les odeurs et les photographies comme autant  d\u2019empreintes et de vestiges d\u2019un organisme, ou encore explorent de  mani\u00e8re subtile les notions d\u2019artificialit\u00e9 et de naturel, d\u2019imitation  de la nature et de repr\u00e9sentation. Leurs univers forts et singuliers  offrent des interpr\u00e9tations visuelles fascinantes de la parfumerie,  domaine dont les cr\u00e9ations restent g\u00e9n\u00e9ralement invisibles \u00e0 l\u2019\u0153il nu.<\/p>\n\n\n\n<p style=\"color:#8e8e8e\" class=\"has-text-color\">Cette exposition est la premi\u00e8re de son genre: elle aborde certaines  facettes communes, mais tr\u00e8s peu explor\u00e9es, entre certains ph\u00e9nom\u00e8nes  visuels et olfactifs, et ce par des approches singuli\u00e8res et originales,  conceptuellement pr\u00e9cises et abordant la th\u00e9matique par des angles  multiples. Les \u0153uvres pr\u00e9sent\u00e9es, fruits de recherches approfondies des  artistes, sont en large majorit\u00e9 in\u00e9dites et produites pour  l\u2019exposition.<\/p>\n\n\n\n<p><strong>With Christelle Boul\u00e9, Olga Cafiero, Roberto Greco, Thibault Jouvent, Virginie Otth.<\/strong><br><\/p>\n\n\n\n<figure class=\"wp-block-image\"><img loading=\"lazy\" decoding=\"async\" width=\"1024\" height=\"683\" src=\"https:\/\/danaepanchaud.net\/wp-content\/uploads\/2019\/03\/IMG_4259_s-1024x683.jpg\" alt=\"\" class=\"wp-image-449\" srcset=\"https:\/\/danaepanchaud.net\/wp-content\/uploads\/2019\/03\/IMG_4259_s-1024x683.jpg 1024w, https:\/\/danaepanchaud.net\/wp-content\/uploads\/2019\/03\/IMG_4259_s-300x200.jpg 300w, https:\/\/danaepanchaud.net\/wp-content\/uploads\/2019\/03\/IMG_4259_s-768x512.jpg 768w, https:\/\/danaepanchaud.net\/wp-content\/uploads\/2019\/03\/IMG_4259_s.jpg 1600w\" sizes=\"auto, (max-width: 1024px) 100vw, 1024px\" \/><figcaption>Christelle Boul\u00e9<\/figcaption><\/figure>\n\n\n\n<figure class=\"wp-block-image\"><img loading=\"lazy\" decoding=\"async\" width=\"1024\" height=\"682\" src=\"https:\/\/danaepanchaud.net\/wp-content\/uploads\/2019\/03\/IMG_4282_s-1024x682.jpg\" alt=\"\" class=\"wp-image-450\" srcset=\"https:\/\/danaepanchaud.net\/wp-content\/uploads\/2019\/03\/IMG_4282_s-1024x682.jpg 1024w, https:\/\/danaepanchaud.net\/wp-content\/uploads\/2019\/03\/IMG_4282_s-300x200.jpg 300w, https:\/\/danaepanchaud.net\/wp-content\/uploads\/2019\/03\/IMG_4282_s-768x512.jpg 768w, https:\/\/danaepanchaud.net\/wp-content\/uploads\/2019\/03\/IMG_4282_s.jpg 1600w\" sizes=\"auto, (max-width: 1024px) 100vw, 1024px\" \/><figcaption>Christelle Boul\u00e9<\/figcaption><\/figure>\n\n\n\n<figure class=\"wp-block-image\"><img loading=\"lazy\" decoding=\"async\" width=\"1024\" height=\"683\" src=\"https:\/\/danaepanchaud.net\/wp-content\/uploads\/2019\/03\/IMG_4299_s-1024x683.jpg\" alt=\"\" class=\"wp-image-451\" srcset=\"https:\/\/danaepanchaud.net\/wp-content\/uploads\/2019\/03\/IMG_4299_s-1024x683.jpg 1024w, https:\/\/danaepanchaud.net\/wp-content\/uploads\/2019\/03\/IMG_4299_s-300x200.jpg 300w, https:\/\/danaepanchaud.net\/wp-content\/uploads\/2019\/03\/IMG_4299_s-768x512.jpg 768w, https:\/\/danaepanchaud.net\/wp-content\/uploads\/2019\/03\/IMG_4299_s.jpg 1600w\" sizes=\"auto, (max-width: 1024px) 100vw, 1024px\" \/><figcaption>Virginie Otth<\/figcaption><\/figure>\n\n\n\n<figure class=\"wp-block-image\"><img loading=\"lazy\" decoding=\"async\" width=\"1024\" height=\"735\" src=\"https:\/\/danaepanchaud.net\/wp-content\/uploads\/2019\/03\/IMG_4296_s-1024x735.jpg\" alt=\"\" class=\"wp-image-452\" srcset=\"https:\/\/danaepanchaud.net\/wp-content\/uploads\/2019\/03\/IMG_4296_s-1024x735.jpg 1024w, https:\/\/danaepanchaud.net\/wp-content\/uploads\/2019\/03\/IMG_4296_s-300x215.jpg 300w, https:\/\/danaepanchaud.net\/wp-content\/uploads\/2019\/03\/IMG_4296_s-768x552.jpg 768w, https:\/\/danaepanchaud.net\/wp-content\/uploads\/2019\/03\/IMG_4296_s.jpg 1600w\" sizes=\"auto, (max-width: 1024px) 100vw, 1024px\" \/><figcaption>Virginie Otth<\/figcaption><\/figure>\n\n\n\n<figure class=\"wp-block-image\"><img loading=\"lazy\" decoding=\"async\" width=\"1024\" height=\"673\" src=\"https:\/\/danaepanchaud.net\/wp-content\/uploads\/2019\/03\/IMG_4319_s-1024x673.jpg\" alt=\"\" class=\"wp-image-453\" srcset=\"https:\/\/danaepanchaud.net\/wp-content\/uploads\/2019\/03\/IMG_4319_s-1024x673.jpg 1024w, https:\/\/danaepanchaud.net\/wp-content\/uploads\/2019\/03\/IMG_4319_s-300x197.jpg 300w, https:\/\/danaepanchaud.net\/wp-content\/uploads\/2019\/03\/IMG_4319_s-768x504.jpg 768w, https:\/\/danaepanchaud.net\/wp-content\/uploads\/2019\/03\/IMG_4319_s.jpg 1600w\" sizes=\"auto, (max-width: 1024px) 100vw, 1024px\" \/><figcaption>Roberto Greco (hourglass by Lucien B\u00f6singer)<\/figcaption><\/figure>\n\n\n\n<figure class=\"wp-block-image\"><img loading=\"lazy\" decoding=\"async\" width=\"1024\" height=\"591\" src=\"https:\/\/danaepanchaud.net\/wp-content\/uploads\/2019\/03\/IMG_4330_s-1024x591.jpg\" alt=\"\" class=\"wp-image-454\" srcset=\"https:\/\/danaepanchaud.net\/wp-content\/uploads\/2019\/03\/IMG_4330_s-1024x591.jpg 1024w, https:\/\/danaepanchaud.net\/wp-content\/uploads\/2019\/03\/IMG_4330_s-300x173.jpg 300w, https:\/\/danaepanchaud.net\/wp-content\/uploads\/2019\/03\/IMG_4330_s-768x444.jpg 768w, https:\/\/danaepanchaud.net\/wp-content\/uploads\/2019\/03\/IMG_4330_s.jpg 1600w\" sizes=\"auto, (max-width: 1024px) 100vw, 1024px\" \/><figcaption>Roberto Greco<\/figcaption><\/figure>\n\n\n\n<figure class=\"wp-block-image\"><img loading=\"lazy\" decoding=\"async\" width=\"1024\" height=\"683\" src=\"https:\/\/danaepanchaud.net\/wp-content\/uploads\/2019\/03\/IMG_4337_s-1024x683.jpg\" alt=\"\" class=\"wp-image-455\" srcset=\"https:\/\/danaepanchaud.net\/wp-content\/uploads\/2019\/03\/IMG_4337_s-1024x683.jpg 1024w, https:\/\/danaepanchaud.net\/wp-content\/uploads\/2019\/03\/IMG_4337_s-300x200.jpg 300w, https:\/\/danaepanchaud.net\/wp-content\/uploads\/2019\/03\/IMG_4337_s-768x512.jpg 768w, https:\/\/danaepanchaud.net\/wp-content\/uploads\/2019\/03\/IMG_4337_s.jpg 1600w\" sizes=\"auto, (max-width: 1024px) 100vw, 1024px\" \/><figcaption>Olga Cafiero<\/figcaption><\/figure>\n\n\n\n<figure class=\"wp-block-image\"><img loading=\"lazy\" decoding=\"async\" width=\"1024\" height=\"683\" src=\"https:\/\/danaepanchaud.net\/wp-content\/uploads\/2019\/03\/IMG_4343_s-1024x683.jpg\" alt=\"\" class=\"wp-image-456\" srcset=\"https:\/\/danaepanchaud.net\/wp-content\/uploads\/2019\/03\/IMG_4343_s-1024x683.jpg 1024w, https:\/\/danaepanchaud.net\/wp-content\/uploads\/2019\/03\/IMG_4343_s-300x200.jpg 300w, https:\/\/danaepanchaud.net\/wp-content\/uploads\/2019\/03\/IMG_4343_s-768x512.jpg 768w, https:\/\/danaepanchaud.net\/wp-content\/uploads\/2019\/03\/IMG_4343_s.jpg 1600w\" sizes=\"auto, (max-width: 1024px) 100vw, 1024px\" \/><figcaption>Olga Cafiero<\/figcaption><\/figure>\n\n\n\n<figure class=\"wp-block-image\"><img loading=\"lazy\" decoding=\"async\" width=\"1024\" height=\"682\" src=\"https:\/\/danaepanchaud.net\/wp-content\/uploads\/2019\/03\/IMG_4353_s-1024x682.jpg\" alt=\"\" class=\"wp-image-457\" srcset=\"https:\/\/danaepanchaud.net\/wp-content\/uploads\/2019\/03\/IMG_4353_s-1024x682.jpg 1024w, https:\/\/danaepanchaud.net\/wp-content\/uploads\/2019\/03\/IMG_4353_s-300x200.jpg 300w, https:\/\/danaepanchaud.net\/wp-content\/uploads\/2019\/03\/IMG_4353_s-768x512.jpg 768w, https:\/\/danaepanchaud.net\/wp-content\/uploads\/2019\/03\/IMG_4353_s.jpg 1600w\" sizes=\"auto, (max-width: 1024px) 100vw, 1024px\" \/><figcaption>Olga Cafiero<\/figcaption><\/figure>\n\n\n\n<figure class=\"wp-block-image\"><img loading=\"lazy\" decoding=\"async\" width=\"1024\" height=\"683\" src=\"https:\/\/danaepanchaud.net\/wp-content\/uploads\/2019\/03\/IMG_4390_s-1024x683.jpg\" alt=\"\" class=\"wp-image-458\" srcset=\"https:\/\/danaepanchaud.net\/wp-content\/uploads\/2019\/03\/IMG_4390_s-1024x683.jpg 1024w, https:\/\/danaepanchaud.net\/wp-content\/uploads\/2019\/03\/IMG_4390_s-300x200.jpg 300w, https:\/\/danaepanchaud.net\/wp-content\/uploads\/2019\/03\/IMG_4390_s-768x512.jpg 768w, https:\/\/danaepanchaud.net\/wp-content\/uploads\/2019\/03\/IMG_4390_s.jpg 1600w\" sizes=\"auto, (max-width: 1024px) 100vw, 1024px\" \/><figcaption>Thibault Jouvent<\/figcaption><\/figure>\n","protected":false},"excerpt":{"rendered":"<p>2019 | Photoforum Pasquart, Biel Sillages presents the work of five photographers who create unexpected links between the fields of perfume and photography. They highlight common, but often surprising, facets between photography and fragrance, or visually interpret and magnify certain characteristics of perfumery. For example, they explore the strong ties between memory and perfume as [&hellip;]<\/p>\n","protected":false},"author":1,"featured_media":0,"parent":182,"menu_order":4,"comment_status":"closed","ping_status":"closed","template":"","meta":{"footnotes":""},"class_list":["post-447","page","type-page","status-publish","hentry"],"_links":{"self":[{"href":"https:\/\/danaepanchaud.net\/index.php\/wp-json\/wp\/v2\/pages\/447","targetHints":{"allow":["GET"]}}],"collection":[{"href":"https:\/\/danaepanchaud.net\/index.php\/wp-json\/wp\/v2\/pages"}],"about":[{"href":"https:\/\/danaepanchaud.net\/index.php\/wp-json\/wp\/v2\/types\/page"}],"author":[{"embeddable":true,"href":"https:\/\/danaepanchaud.net\/index.php\/wp-json\/wp\/v2\/users\/1"}],"replies":[{"embeddable":true,"href":"https:\/\/danaepanchaud.net\/index.php\/wp-json\/wp\/v2\/comments?post=447"}],"version-history":[{"count":2,"href":"https:\/\/danaepanchaud.net\/index.php\/wp-json\/wp\/v2\/pages\/447\/revisions"}],"predecessor-version":[{"id":460,"href":"https:\/\/danaepanchaud.net\/index.php\/wp-json\/wp\/v2\/pages\/447\/revisions\/460"}],"up":[{"embeddable":true,"href":"https:\/\/danaepanchaud.net\/index.php\/wp-json\/wp\/v2\/pages\/182"}],"wp:attachment":[{"href":"https:\/\/danaepanchaud.net\/index.php\/wp-json\/wp\/v2\/media?parent=447"}],"curies":[{"name":"wp","href":"https:\/\/api.w.org\/{rel}","templated":true}]}}