{"id":46,"date":"2017-08-15T17:20:47","date_gmt":"2017-08-15T15:20:47","guid":{"rendered":"http:\/\/danaepanchaud.net\/?page_id=46"},"modified":"2017-08-19T16:21:08","modified_gmt":"2017-08-19T14:21:08","slug":"anatomies","status":"publish","type":"page","link":"https:\/\/danaepanchaud.net\/index.php\/exhibitions\/anatomies\/","title":{"rendered":"Anatomies"},"content":{"rendered":"<p><img loading=\"lazy\" decoding=\"async\" class=\"alignleft wp-image-50\" src=\"http:\/\/danaepanchaud.net\/wp-content\/uploads\/2017\/08\/19_ok-300x204.jpg\" alt=\"View of the exhibition Anatomies\" width=\"2500\" height=\"1702\" srcset=\"https:\/\/danaepanchaud.net\/wp-content\/uploads\/2017\/08\/19_ok-300x204.jpg 300w, https:\/\/danaepanchaud.net\/wp-content\/uploads\/2017\/08\/19_ok-768x523.jpg 768w, https:\/\/danaepanchaud.net\/wp-content\/uploads\/2017\/08\/19_ok-1024x697.jpg 1024w, https:\/\/danaepanchaud.net\/wp-content\/uploads\/2017\/08\/19_ok-1200x817.jpg 1200w\" sizes=\"auto, (max-width: 2500px) 100vw, 2500px\" \/><\/p>\n<p><strong>Curated with Roxanne Currat and Carolina Liebling<\/strong><\/p>\n<p><strong>2014<\/strong><br \/>\n<strong> Mus\u00e9e de la main UNIL-CHUV (Fondation Verdan), Lausanne<\/strong><\/p>\n<p><strong>2014-2015<\/strong><br \/>\n<strong> Anatomisches Museum, Basel<\/strong><\/p>\n<p><strong>2015-2016 <\/strong><br \/>\n<strong>Kulturama, Zurich<\/strong><\/p>\n<p><em>Anatomies<\/em> is a transdisciplinary exhibition about the historical and contemporary conceptions and representations of the body in biology and medicine, and how sociological, pedagogical and artistic aspects fashion these representations.<\/p>\n<p>Interactive, contemplative and immersive, the exhibition offers an exploration of the concepts of the human body. The visitors discover an anthology of images, objects, testimonies, both contemporary and historical, belonging as much to art as to science. From Renaissance books to the latest imaging technologies and from anatomical preparations to art installations, <em>Anatomies<\/em> offers a broad-ranging overview of anatomical representations in six sections.<\/p>\n<p>The first section, <em>Visions of the body<\/em>, points out to the perspectives and approaches that effectively shape our anatomy, from philosophy to medicine, religion and politics. <em>Explorations<\/em>, the second section, is reminiscent of the first anatomical theatres, and outlines the history of anatomy in the Western World, which took off in the particular context of an era that explored the world, sketched it and printed it, relying more and more on observation to make sense of it.<\/p>\n<p><em>Opening the body<\/em> retraces the gestures and ceremonials associated with dissection from the Middle Ages to nowadays while <em>Imaging the body<\/em> presents the evolution of the depictions of anatomy, from drawing (a technique still relevant in the 21st century) to the latest technologies currently used in medicine. Interpretations demonstrate how such images are not immediate and need to be deciphered and interpreted. A final section, <em>Awe and fascination<\/em>, reflects on how unveiling\u00a0 the anatomy of the human body remains an unsettling experience, both appealing and repulsive.<\/p>\n<p><span style=\"color: #808080;\"><em>Anatomies<\/em> est une exposition interdisciplinaire sur les conceptions et repr\u00e9sentations historiques et contemporaines du corps humain en biologie et m\u00e9decine, et comment la sociologie, la p\u00e9dagogie et l\u2019art influencent ces rep\u00e9sentations.<\/span><\/p>\n<p><span style=\"color: #808080;\">Interactive, contemplative et immersive, l\u2019exposition propose une exploration des conceptions et repr\u00e9sentations du corps humain. Le visiteur y d\u00e9couvre un floril\u00e8ge d\u2019images, d\u2019objets et de t\u00e9moignages entre pass\u00e9 et pr\u00e9sent, art et science, m\u00e9decine et soci\u00e9t\u00e9. Des ouvrages anciens aux technologies d\u2019imagerie les plus r\u00e9centes, des pr\u00e9parations anatomiques aux installations d\u2019artistes, <em>Anatomies<\/em> invite \u00e0 traverser les multiples miroirs de nos corps int\u00e9rieurs en six sections.<\/span><\/p>\n<p><span style=\"color: #808080;\">La premi\u00e8re, <em>Visions du corps<\/em>, pointe sur les conceptions multiples du corps qui coexistent et parfois se contredisent, issues de la philosophie, religion, m\u00e9decine, politique. <em>Explorations<\/em>, la seconde, prend place au sein d\u2019une sc\u00e9nographie rappelant les premiers th\u00e9\u00e2tres anatomiques, pr\u00e9sente les d\u00e9buts de l\u2019histoire de l\u2019anatomie en Occident, fruit d\u2019une \u00e9poque qui explore le monde, repense le cosmos, et diffuse largement son savoir gr\u00e2ce aux progr\u00e8s de l\u2019imprimerie.<\/span><\/p>\n<p><span style=\"color: #808080;\"><em>Ouverture du corps<\/em> retrace les gestes et rituels entourant la dissection du Moyen Age jusqu\u2019\u00e0 nos jours, alors qu\u2019<em>Images du corps<\/em> pr\u00e9sente les \u00e9volutions techniques et esth\u00e9tiques de l\u2019imagerie m\u00e9dicale de l\u2019anatomie. <em>Interpr\u00e9tations<\/em> d\u00e9montre comment ces images ne sont pas imm\u00e9diates, mais requi\u00e8rent une interpr\u00e9tation. Enfin, <em>Fascination et effroi<\/em> se penche sur les \u00e9motions fortes suscit\u00e9es par le d\u00e9voilement de l\u2019anatomie et nos sentiments ambivalents face \u00e0 ce spectacle extraordinaire.<\/span><\/p>\n<p><img loading=\"lazy\" decoding=\"async\" class=\"wp-image-57 aligncenter\" src=\"http:\/\/danaepanchaud.net\/wp-content\/uploads\/2017\/08\/33_ok-300x173.jpg\" alt=\"View of the exhibition Anatomies\" width=\"2500\" height=\"1438\" srcset=\"https:\/\/danaepanchaud.net\/wp-content\/uploads\/2017\/08\/33_ok-300x173.jpg 300w, https:\/\/danaepanchaud.net\/wp-content\/uploads\/2017\/08\/33_ok-768x442.jpg 768w, https:\/\/danaepanchaud.net\/wp-content\/uploads\/2017\/08\/33_ok-1024x589.jpg 1024w, https:\/\/danaepanchaud.net\/wp-content\/uploads\/2017\/08\/33_ok-1200x690.jpg 1200w\" sizes=\"auto, (max-width: 2500px) 100vw, 2500px\" \/><\/p>\n<p><img loading=\"lazy\" decoding=\"async\" class=\"wp-image-54 aligncenter\" src=\"http:\/\/danaepanchaud.net\/wp-content\/uploads\/2017\/08\/26-300x300.jpg\" alt=\"View of the exhibition Anatomies\" width=\"2500\" height=\"2500\" srcset=\"https:\/\/danaepanchaud.net\/wp-content\/uploads\/2017\/08\/26-300x300.jpg 300w, https:\/\/danaepanchaud.net\/wp-content\/uploads\/2017\/08\/26-150x150.jpg 150w, https:\/\/danaepanchaud.net\/wp-content\/uploads\/2017\/08\/26-768x768.jpg 768w, https:\/\/danaepanchaud.net\/wp-content\/uploads\/2017\/08\/26-1024x1024.jpg 1024w, https:\/\/danaepanchaud.net\/wp-content\/uploads\/2017\/08\/26-1200x1200.jpg 1200w\" sizes=\"auto, (max-width: 2500px) 100vw, 2500px\" \/><\/p>\n<p><img loading=\"lazy\" decoding=\"async\" class=\"wp-image-60 aligncenter\" src=\"http:\/\/danaepanchaud.net\/wp-content\/uploads\/2017\/08\/Anatomie6_square-300x300.jpg\" alt=\"View of the exhibition Anatomies\" width=\"1800\" height=\"1800\" srcset=\"https:\/\/danaepanchaud.net\/wp-content\/uploads\/2017\/08\/Anatomie6_square-300x300.jpg 300w, https:\/\/danaepanchaud.net\/wp-content\/uploads\/2017\/08\/Anatomie6_square-150x150.jpg 150w, https:\/\/danaepanchaud.net\/wp-content\/uploads\/2017\/08\/Anatomie6_square-768x768.jpg 768w, https:\/\/danaepanchaud.net\/wp-content\/uploads\/2017\/08\/Anatomie6_square-1024x1024.jpg 1024w, https:\/\/danaepanchaud.net\/wp-content\/uploads\/2017\/08\/Anatomie6_square.jpg 1160w\" sizes=\"auto, (max-width: 1800px) 100vw, 1800px\" \/><\/p>\n<p><img loading=\"lazy\" decoding=\"async\" class=\"wp-image-55 aligncenter\" src=\"http:\/\/danaepanchaud.net\/wp-content\/uploads\/2017\/08\/27-300x200.jpg\" alt=\"View of the exhibition Anatomies\" width=\"2500\" height=\"1666\" srcset=\"https:\/\/danaepanchaud.net\/wp-content\/uploads\/2017\/08\/27-300x200.jpg 300w, https:\/\/danaepanchaud.net\/wp-content\/uploads\/2017\/08\/27-768x512.jpg 768w, https:\/\/danaepanchaud.net\/wp-content\/uploads\/2017\/08\/27-1024x682.jpg 1024w, https:\/\/danaepanchaud.net\/wp-content\/uploads\/2017\/08\/27-1200x800.jpg 1200w\" sizes=\"auto, (max-width: 2500px) 100vw, 2500px\" \/><\/p>\n<p><img loading=\"lazy\" decoding=\"async\" class=\"wp-image-61 aligncenter\" src=\"http:\/\/danaepanchaud.net\/wp-content\/uploads\/2017\/08\/Anatomie10-214x300.jpg\" alt=\"View of the exhibition Anatomies\" width=\"2500\" height=\"3497\" srcset=\"https:\/\/danaepanchaud.net\/wp-content\/uploads\/2017\/08\/Anatomie10-214x300.jpg 214w, https:\/\/danaepanchaud.net\/wp-content\/uploads\/2017\/08\/Anatomie10-768x1074.jpg 768w, https:\/\/danaepanchaud.net\/wp-content\/uploads\/2017\/08\/Anatomie10-732x1024.jpg 732w, https:\/\/danaepanchaud.net\/wp-content\/uploads\/2017\/08\/Anatomie10.jpg 1181w\" sizes=\"auto, (max-width: 2500px) 100vw, 2500px\" \/><\/p>\n<p><img loading=\"lazy\" decoding=\"async\" class=\"wp-image-49 aligncenter\" src=\"http:\/\/danaepanchaud.net\/wp-content\/uploads\/2017\/08\/13-300x200.jpg\" alt=\"View of the exhibition Anatomies\" width=\"2500\" height=\"1666\" srcset=\"https:\/\/danaepanchaud.net\/wp-content\/uploads\/2017\/08\/13-300x200.jpg 300w, https:\/\/danaepanchaud.net\/wp-content\/uploads\/2017\/08\/13-768x512.jpg 768w, https:\/\/danaepanchaud.net\/wp-content\/uploads\/2017\/08\/13-1024x683.jpg 1024w, https:\/\/danaepanchaud.net\/wp-content\/uploads\/2017\/08\/13-1200x800.jpg 1200w\" sizes=\"auto, (max-width: 2500px) 100vw, 2500px\" \/><\/p>\n<p><img loading=\"lazy\" decoding=\"async\" class=\"wp-image-58 aligncenter\" src=\"http:\/\/danaepanchaud.net\/wp-content\/uploads\/2017\/08\/39-300x200.jpg\" alt=\"View of the exhibition Anatomies\" width=\"2500\" height=\"1667\" srcset=\"https:\/\/danaepanchaud.net\/wp-content\/uploads\/2017\/08\/39-300x200.jpg 300w, https:\/\/danaepanchaud.net\/wp-content\/uploads\/2017\/08\/39-768x512.jpg 768w, https:\/\/danaepanchaud.net\/wp-content\/uploads\/2017\/08\/39-1024x683.jpg 1024w, https:\/\/danaepanchaud.net\/wp-content\/uploads\/2017\/08\/39-1200x800.jpg 1200w\" sizes=\"auto, (max-width: 2500px) 100vw, 2500px\" \/><\/p>\n<p><img loading=\"lazy\" decoding=\"async\" class=\"wp-image-48 aligncenter\" src=\"http:\/\/danaepanchaud.net\/wp-content\/uploads\/2017\/08\/12-300x200.jpg\" alt=\"View of the exhibition Anatomies\" width=\"2500\" height=\"1667\" srcset=\"https:\/\/danaepanchaud.net\/wp-content\/uploads\/2017\/08\/12-300x200.jpg 300w, https:\/\/danaepanchaud.net\/wp-content\/uploads\/2017\/08\/12-768x512.jpg 768w, https:\/\/danaepanchaud.net\/wp-content\/uploads\/2017\/08\/12-1024x683.jpg 1024w, https:\/\/danaepanchaud.net\/wp-content\/uploads\/2017\/08\/12-1200x800.jpg 1200w\" sizes=\"auto, (max-width: 2500px) 100vw, 2500px\" \/><\/p>\n<p><img loading=\"lazy\" decoding=\"async\" class=\"wp-image-62 aligncenter\" src=\"http:\/\/danaepanchaud.net\/wp-content\/uploads\/2017\/08\/Anatomie13-300x200.jpg\" alt=\"View of the exhibition Anatomies\" width=\"2500\" height=\"1668\" srcset=\"https:\/\/danaepanchaud.net\/wp-content\/uploads\/2017\/08\/Anatomie13-300x200.jpg 300w, https:\/\/danaepanchaud.net\/wp-content\/uploads\/2017\/08\/Anatomie13-768x512.jpg 768w, https:\/\/danaepanchaud.net\/wp-content\/uploads\/2017\/08\/Anatomie13-1024x683.jpg 1024w, https:\/\/danaepanchaud.net\/wp-content\/uploads\/2017\/08\/Anatomie13.jpg 1181w\" sizes=\"auto, (max-width: 2500px) 100vw, 2500px\" \/><\/p>\n<p><img loading=\"lazy\" decoding=\"async\" class=\"wp-image-63 aligncenter\" src=\"http:\/\/danaepanchaud.net\/wp-content\/uploads\/2017\/08\/Anatomie14-200x300.jpg\" alt=\"View of the exhibition Anatomies\" width=\"2500\" height=\"3747\" srcset=\"https:\/\/danaepanchaud.net\/wp-content\/uploads\/2017\/08\/Anatomie14-200x300.jpg 200w, https:\/\/danaepanchaud.net\/wp-content\/uploads\/2017\/08\/Anatomie14-768x1151.jpg 768w, https:\/\/danaepanchaud.net\/wp-content\/uploads\/2017\/08\/Anatomie14-683x1024.jpg 683w, https:\/\/danaepanchaud.net\/wp-content\/uploads\/2017\/08\/Anatomie14.jpg 1181w\" sizes=\"auto, (max-width: 2500px) 100vw, 2500px\" \/><\/p>\n<p><span style=\"color: #808080;\">Images: Olga Cafiero or Myriam Ziehli &amp; Simon Rimaz<\/span><\/p>\n","protected":false},"excerpt":{"rendered":"<p>Curated with Roxanne Currat and Carolina Liebling 2014 Mus\u00e9e de la main UNIL-CHUV (Fondation Verdan), Lausanne 2014-2015 Anatomisches Museum, Basel 2015-2016 Kulturama, Zurich Anatomies is a transdisciplinary exhibition about the historical and contemporary conceptions and representations of the body in biology and medicine, and how sociological, pedagogical and artistic aspects fashion these representations. Interactive, contemplative [&hellip;]<\/p>\n","protected":false},"author":1,"featured_media":0,"parent":182,"menu_order":14,"comment_status":"closed","ping_status":"closed","template":"","meta":{"footnotes":""},"class_list":["post-46","page","type-page","status-publish","hentry"],"_links":{"self":[{"href":"https:\/\/danaepanchaud.net\/index.php\/wp-json\/wp\/v2\/pages\/46","targetHints":{"allow":["GET"]}}],"collection":[{"href":"https:\/\/danaepanchaud.net\/index.php\/wp-json\/wp\/v2\/pages"}],"about":[{"href":"https:\/\/danaepanchaud.net\/index.php\/wp-json\/wp\/v2\/types\/page"}],"author":[{"embeddable":true,"href":"https:\/\/danaepanchaud.net\/index.php\/wp-json\/wp\/v2\/users\/1"}],"replies":[{"embeddable":true,"href":"https:\/\/danaepanchaud.net\/index.php\/wp-json\/wp\/v2\/comments?post=46"}],"version-history":[{"count":3,"href":"https:\/\/danaepanchaud.net\/index.php\/wp-json\/wp\/v2\/pages\/46\/revisions"}],"predecessor-version":[{"id":65,"href":"https:\/\/danaepanchaud.net\/index.php\/wp-json\/wp\/v2\/pages\/46\/revisions\/65"}],"up":[{"embeddable":true,"href":"https:\/\/danaepanchaud.net\/index.php\/wp-json\/wp\/v2\/pages\/182"}],"wp:attachment":[{"href":"https:\/\/danaepanchaud.net\/index.php\/wp-json\/wp\/v2\/media?parent=46"}],"curies":[{"name":"wp","href":"https:\/\/api.w.org\/{rel}","templated":true}]}}