{"id":487,"date":"2019-08-19T16:59:00","date_gmt":"2019-08-19T14:59:00","guid":{"rendered":"https:\/\/danaepanchaud.net\/?page_id=487"},"modified":"2020-10-19T16:07:51","modified_gmt":"2020-10-19T14:07:51","slug":"prix-photoforum-2018","status":"publish","type":"page","link":"https:\/\/danaepanchaud.net\/index.php\/exhibitions\/prix-photoforum-2018\/","title":{"rendered":"Prix Photoforum 2018"},"content":{"rendered":"\n<figure class=\"wp-block-image\"><img loading=\"lazy\" decoding=\"async\" width=\"1024\" height=\"673\" src=\"https:\/\/danaepanchaud.net\/wp-content\/uploads\/2019\/08\/Photoforum-Prix-Photoforum-2018-Nicolas-Polli-3-s-1024x673.jpg\" alt=\"\" class=\"wp-image-493\" srcset=\"https:\/\/danaepanchaud.net\/wp-content\/uploads\/2019\/08\/Photoforum-Prix-Photoforum-2018-Nicolas-Polli-3-s-1024x673.jpg 1024w, https:\/\/danaepanchaud.net\/wp-content\/uploads\/2019\/08\/Photoforum-Prix-Photoforum-2018-Nicolas-Polli-3-s-300x197.jpg 300w, https:\/\/danaepanchaud.net\/wp-content\/uploads\/2019\/08\/Photoforum-Prix-Photoforum-2018-Nicolas-Polli-3-s-768x505.jpg 768w, https:\/\/danaepanchaud.net\/wp-content\/uploads\/2019\/08\/Photoforum-Prix-Photoforum-2018-Nicolas-Polli-3-s.jpg 1600w\" sizes=\"auto, (max-width: 1024px) 100vw, 1024px\" \/><\/figure>\n\n\n\n<p><strong>2019, Photoforum Pasquart, Biel<\/strong><\/p>\n\n\n\n<p>The Prix Photoforum 2018 was awarded this year to photographer <strong>Sol\u00e8ne G\u00fcn<\/strong> (*1996) for her project <em>Turun\u00e7<\/em>. <em>Turun\u00e7 (Bitter Orange)<\/em>\n is an immersion in the daily life of young men from a Turkish immigrant\n background, in the suburbs of Berlin and Paris where the photographer \nherself lived part of her childhood. Starting from the observation that \nthese places and those who live there are often stigmatized and \ndenigrated, Sol\u00e8ne G\u00fcn explores their daily lives, and their universe \nmarked by the tension between the desire to hide and the need to show \noneself. The jury was convinced by Sol\u00e8ne G\u00fcn\u2019s strong and unique \nphotographic writing, and the subtlety and complexity of her approach to\n a subject generally marked by violent stereotypical representations.<\/p>\n\n\n\n<p style=\"color:#8e8e8e\" class=\"has-text-color\">Le Prix Photoforum 2018 a \u00e9t\u00e9 d\u00e9cern\u00e9 cette ann\u00e9e \u00e0 la photographe <strong>Sol\u00e8ne G\u00fcn<\/strong> (*1996) pour son projet <strong><em>Turun\u00e7<\/em><\/strong>. <em>Turun\u00e7 (Bitter Orange)<\/em>  est une immersion dans le quotidien de jeunes hommes issus de  l\u2019immigration turque, dans les banlieues berlinoises et parisiennes o\u00f9  la photographe a elle-m\u00eame v\u00e9cu une partie de son enfance. Partant du  constat que ces lieux et ceux qui y vivent sont souvent stigmatis\u00e9s et  d\u00e9nigr\u00e9s, Sol\u00e8ne G\u00fcn explore leur quotidien, et leur univers marqu\u00e9 par  la tension entre d\u00e9sir de se cacher et besoin de se montrer. Le jury a  \u00e9t\u00e9 convaincu par l\u2019\u00e9criture photographique forte et singuli\u00e8re de  Sol\u00e8ne G\u00fcn, et la subtilit\u00e9 et complexit\u00e9 de son approche d\u2019un sujet  g\u00e9n\u00e9ralement marqu\u00e9 par des repr\u00e9sentations violemment st\u00e9r\u00e9otyp\u00e9es.<\/p>\n\n\n\n<p><strong>With\/avec Anna-Tia Buss,  Sol\u00e8ne G\u00fcn, Maia Gusberti, Cl\u00e9ment Lambelet, Vincent Levrat, Rapha\u00ebl  Lods, Olivier Lovey, Andrea Marioni, Anastasia Mityukova, Nicolas Polli,  Marcel Rickli, Daniel Rihs, Maya Rochat, Nora Teylouni.<\/strong><\/p>\n\n\n\n<figure class=\"wp-block-image\"><img loading=\"lazy\" decoding=\"async\" width=\"1024\" height=\"683\" src=\"https:\/\/danaepanchaud.net\/wp-content\/uploads\/2019\/08\/Photoforum-Prix-Photoforum-2018-Sole\u0300ne-Gun-2-s-1024x683.jpg\" alt=\"\" class=\"wp-image-498\" srcset=\"https:\/\/danaepanchaud.net\/wp-content\/uploads\/2019\/08\/Photoforum-Prix-Photoforum-2018-Sole\u0300ne-Gun-2-s-1024x683.jpg 1024w, https:\/\/danaepanchaud.net\/wp-content\/uploads\/2019\/08\/Photoforum-Prix-Photoforum-2018-Sole\u0300ne-Gun-2-s-300x200.jpg 300w, https:\/\/danaepanchaud.net\/wp-content\/uploads\/2019\/08\/Photoforum-Prix-Photoforum-2018-Sole\u0300ne-Gun-2-s-768x512.jpg 768w, https:\/\/danaepanchaud.net\/wp-content\/uploads\/2019\/08\/Photoforum-Prix-Photoforum-2018-Sole\u0300ne-Gun-2-s.jpg 1600w\" sizes=\"auto, (max-width: 1024px) 100vw, 1024px\" \/><figcaption>Sol\u00e8ne G\u00fcn<\/figcaption><\/figure>\n\n\n\n<figure class=\"wp-block-image\"><img loading=\"lazy\" decoding=\"async\" width=\"1024\" height=\"710\" src=\"https:\/\/danaepanchaud.net\/wp-content\/uploads\/2019\/08\/Photoforum-Prix-Photoforum-2018-Vincent-Levrat-s-1024x710.jpg\" alt=\"\" class=\"wp-image-497\" srcset=\"https:\/\/danaepanchaud.net\/wp-content\/uploads\/2019\/08\/Photoforum-Prix-Photoforum-2018-Vincent-Levrat-s-1024x710.jpg 1024w, https:\/\/danaepanchaud.net\/wp-content\/uploads\/2019\/08\/Photoforum-Prix-Photoforum-2018-Vincent-Levrat-s-300x208.jpg 300w, https:\/\/danaepanchaud.net\/wp-content\/uploads\/2019\/08\/Photoforum-Prix-Photoforum-2018-Vincent-Levrat-s-768x532.jpg 768w, https:\/\/danaepanchaud.net\/wp-content\/uploads\/2019\/08\/Photoforum-Prix-Photoforum-2018-Vincent-Levrat-s.jpg 1600w\" sizes=\"auto, (max-width: 1024px) 100vw, 1024px\" \/><figcaption>Vincent Levrat<\/figcaption><\/figure>\n\n\n\n<figure class=\"wp-block-image\"><img loading=\"lazy\" decoding=\"async\" width=\"1024\" height=\"671\" src=\"https:\/\/danaepanchaud.net\/wp-content\/uploads\/2019\/08\/Photoforum-Prix-Photoforum-2018-Maia-Gusberti-2-s-1024x671.jpg\" alt=\"\" class=\"wp-image-491\" srcset=\"https:\/\/danaepanchaud.net\/wp-content\/uploads\/2019\/08\/Photoforum-Prix-Photoforum-2018-Maia-Gusberti-2-s-1024x671.jpg 1024w, https:\/\/danaepanchaud.net\/wp-content\/uploads\/2019\/08\/Photoforum-Prix-Photoforum-2018-Maia-Gusberti-2-s-300x197.jpg 300w, https:\/\/danaepanchaud.net\/wp-content\/uploads\/2019\/08\/Photoforum-Prix-Photoforum-2018-Maia-Gusberti-2-s-768x504.jpg 768w, https:\/\/danaepanchaud.net\/wp-content\/uploads\/2019\/08\/Photoforum-Prix-Photoforum-2018-Maia-Gusberti-2-s.jpg 1600w\" sizes=\"auto, (max-width: 1024px) 100vw, 1024px\" \/><figcaption>Maia Gusberti<\/figcaption><\/figure>\n\n\n\n<figure class=\"wp-block-image\"><img loading=\"lazy\" decoding=\"async\" width=\"1024\" height=\"668\" src=\"https:\/\/danaepanchaud.net\/wp-content\/uploads\/2019\/08\/Photoforum-Prix-Photoforum-2018-Anastasia-Mityukova-2-s-1024x668.jpg\" alt=\"\" class=\"wp-image-488\" srcset=\"https:\/\/danaepanchaud.net\/wp-content\/uploads\/2019\/08\/Photoforum-Prix-Photoforum-2018-Anastasia-Mityukova-2-s-1024x668.jpg 1024w, https:\/\/danaepanchaud.net\/wp-content\/uploads\/2019\/08\/Photoforum-Prix-Photoforum-2018-Anastasia-Mityukova-2-s-300x196.jpg 300w, https:\/\/danaepanchaud.net\/wp-content\/uploads\/2019\/08\/Photoforum-Prix-Photoforum-2018-Anastasia-Mityukova-2-s-768x501.jpg 768w, https:\/\/danaepanchaud.net\/wp-content\/uploads\/2019\/08\/Photoforum-Prix-Photoforum-2018-Anastasia-Mityukova-2-s.jpg 1600w\" sizes=\"auto, (max-width: 1024px) 100vw, 1024px\" \/><figcaption>Anastasia Mityukova<\/figcaption><\/figure>\n\n\n\n<figure class=\"wp-block-image\"><img loading=\"lazy\" decoding=\"async\" width=\"1024\" height=\"671\" src=\"https:\/\/danaepanchaud.net\/wp-content\/uploads\/2019\/08\/Photoforum-Prix-Photoforum-2018-Anna-Tia-Buss-s-1024x671.jpg\" alt=\"\" class=\"wp-image-489\" srcset=\"https:\/\/danaepanchaud.net\/wp-content\/uploads\/2019\/08\/Photoforum-Prix-Photoforum-2018-Anna-Tia-Buss-s-1024x671.jpg 1024w, https:\/\/danaepanchaud.net\/wp-content\/uploads\/2019\/08\/Photoforum-Prix-Photoforum-2018-Anna-Tia-Buss-s-300x197.jpg 300w, https:\/\/danaepanchaud.net\/wp-content\/uploads\/2019\/08\/Photoforum-Prix-Photoforum-2018-Anna-Tia-Buss-s-768x504.jpg 768w, https:\/\/danaepanchaud.net\/wp-content\/uploads\/2019\/08\/Photoforum-Prix-Photoforum-2018-Anna-Tia-Buss-s.jpg 1600w\" sizes=\"auto, (max-width: 1024px) 100vw, 1024px\" \/><figcaption>Anna-Tia Buss<\/figcaption><\/figure>\n\n\n\n<figure class=\"wp-block-image\"><img loading=\"lazy\" decoding=\"async\" width=\"1024\" height=\"672\" src=\"https:\/\/danaepanchaud.net\/wp-content\/uploads\/2019\/08\/Photoforum-Prix-Photoforum-2018-Cle\u0301ment-Lambelet-s-1024x672.jpg\" alt=\"\" class=\"wp-image-490\" srcset=\"https:\/\/danaepanchaud.net\/wp-content\/uploads\/2019\/08\/Photoforum-Prix-Photoforum-2018-Cle\u0301ment-Lambelet-s-1024x672.jpg 1024w, https:\/\/danaepanchaud.net\/wp-content\/uploads\/2019\/08\/Photoforum-Prix-Photoforum-2018-Cle\u0301ment-Lambelet-s-300x197.jpg 300w, https:\/\/danaepanchaud.net\/wp-content\/uploads\/2019\/08\/Photoforum-Prix-Photoforum-2018-Cle\u0301ment-Lambelet-s-768x504.jpg 768w, https:\/\/danaepanchaud.net\/wp-content\/uploads\/2019\/08\/Photoforum-Prix-Photoforum-2018-Cle\u0301ment-Lambelet-s.jpg 1600w\" sizes=\"auto, (max-width: 1024px) 100vw, 1024px\" \/><figcaption>Cl\u00e9ment Lambelet<\/figcaption><\/figure>\n\n\n\n<figure class=\"wp-block-image\"><img loading=\"lazy\" decoding=\"async\" width=\"1024\" height=\"769\" src=\"https:\/\/danaepanchaud.net\/wp-content\/uploads\/2019\/08\/Photoforum-Prix-Photoforum-2018-Olivier-Lovey-s-1024x769.jpg\" alt=\"\" class=\"wp-image-495\" srcset=\"https:\/\/danaepanchaud.net\/wp-content\/uploads\/2019\/08\/Photoforum-Prix-Photoforum-2018-Olivier-Lovey-s-1024x769.jpg 1024w, https:\/\/danaepanchaud.net\/wp-content\/uploads\/2019\/08\/Photoforum-Prix-Photoforum-2018-Olivier-Lovey-s-300x225.jpg 300w, https:\/\/danaepanchaud.net\/wp-content\/uploads\/2019\/08\/Photoforum-Prix-Photoforum-2018-Olivier-Lovey-s-768x577.jpg 768w, https:\/\/danaepanchaud.net\/wp-content\/uploads\/2019\/08\/Photoforum-Prix-Photoforum-2018-Olivier-Lovey-s.jpg 1600w\" sizes=\"auto, (max-width: 1024px) 100vw, 1024px\" \/><figcaption>Olivier Lovey<\/figcaption><\/figure>\n","protected":false},"excerpt":{"rendered":"<p>2019, Photoforum Pasquart, Biel The Prix Photoforum 2018 was awarded this year to photographer Sol\u00e8ne G\u00fcn (*1996) for her project Turun\u00e7. Turun\u00e7 (Bitter Orange) is an immersion in the daily life of young men from a Turkish immigrant background, in the suburbs of Berlin and Paris where the photographer herself lived part of her childhood. [&hellip;]<\/p>\n","protected":false},"author":1,"featured_media":0,"parent":182,"menu_order":0,"comment_status":"closed","ping_status":"closed","template":"","meta":{"footnotes":""},"class_list":["post-487","page","type-page","status-publish","hentry"],"_links":{"self":[{"href":"https:\/\/danaepanchaud.net\/index.php\/wp-json\/wp\/v2\/pages\/487","targetHints":{"allow":["GET"]}}],"collection":[{"href":"https:\/\/danaepanchaud.net\/index.php\/wp-json\/wp\/v2\/pages"}],"about":[{"href":"https:\/\/danaepanchaud.net\/index.php\/wp-json\/wp\/v2\/types\/page"}],"author":[{"embeddable":true,"href":"https:\/\/danaepanchaud.net\/index.php\/wp-json\/wp\/v2\/users\/1"}],"replies":[{"embeddable":true,"href":"https:\/\/danaepanchaud.net\/index.php\/wp-json\/wp\/v2\/comments?post=487"}],"version-history":[{"count":1,"href":"https:\/\/danaepanchaud.net\/index.php\/wp-json\/wp\/v2\/pages\/487\/revisions"}],"predecessor-version":[{"id":500,"href":"https:\/\/danaepanchaud.net\/index.php\/wp-json\/wp\/v2\/pages\/487\/revisions\/500"}],"up":[{"embeddable":true,"href":"https:\/\/danaepanchaud.net\/index.php\/wp-json\/wp\/v2\/pages\/182"}],"wp:attachment":[{"href":"https:\/\/danaepanchaud.net\/index.php\/wp-json\/wp\/v2\/media?parent=487"}],"curies":[{"name":"wp","href":"https:\/\/api.w.org\/{rel}","templated":true}]}}