{"id":660,"date":"2020-07-10T19:50:32","date_gmt":"2020-07-10T17:50:32","guid":{"rendered":"https:\/\/danaepanchaud.net\/?page_id=660"},"modified":"2020-10-19T16:07:17","modified_gmt":"2020-10-19T14:07:17","slug":"les-suffragettes-strateges-de-limage","status":"publish","type":"page","link":"https:\/\/danaepanchaud.net\/index.php\/articles-and-essays\/les-suffragettes-strateges-de-limage\/","title":{"rendered":"Les suffragettes, strat\u00e8ges de l&#8217;image"},"content":{"rendered":"\n<figure class=\"wp-block-image size-large\"><img loading=\"lazy\" decoding=\"async\" width=\"936\" height=\"546\" src=\"https:\/\/danaepanchaud.net\/wp-content\/uploads\/2020\/07\/les-suffragettes-strateges-de-limage-3-936x546-1.jpg\" alt=\"\" class=\"wp-image-661\" srcset=\"https:\/\/danaepanchaud.net\/wp-content\/uploads\/2020\/07\/les-suffragettes-strateges-de-limage-3-936x546-1.jpg 936w, https:\/\/danaepanchaud.net\/wp-content\/uploads\/2020\/07\/les-suffragettes-strateges-de-limage-3-936x546-1-300x175.jpg 300w, https:\/\/danaepanchaud.net\/wp-content\/uploads\/2020\/07\/les-suffragettes-strateges-de-limage-3-936x546-1-768x448.jpg 768w\" sizes=\"auto, (max-width: 936px) 100vw, 936px\" \/><figcaption>Manifestation \u00e0 Londres, le 17 juin 1911. Christabel Pankhurst d\u00e9file \u00e0 l\u2019avant d\u2019une banderole qui mentionne \u00ab690 emprisonnements pour gagner la libert\u00e9 des femmes\u00bb. FLICKR\/LSE LIBRARY\/DP (via <a href=\"https:\/\/lecourrier.ch\/2018\/05\/13\/les-suffragettes-strateges-de-limage\/\">Le Courrier<\/a>)<\/figcaption><\/figure>\n\n\n\n<p><strong>2018 | <a href=\"https:\/\/lecourrier.ch\/2018\/05\/13\/les-suffragettes-strateges-de-limage\/\">Le Courrier<\/a><\/strong><\/p>\n\n\n\n<p><strong>An article for the Swiss newspaper <em>Le Courrier<\/em> on the memorialisation strategies developed by the British suffragettes and their successful attempts at writing their own history and taking the memorialisation of their struggle into their own hands.<\/strong><\/p>\n\n\n\n<h4 class=\"wp-block-heading\">Excerpts<\/h4>\n\n\n\n<p>&#8220;L\u2019\u00e9criture de cette histoire controvers\u00e9e<em> [la lutte pour le suffrage f\u00e9minin en Grande-Bretagne]<\/em>, qui suscite toujours des d\u00e9bats intenses, n\u2019a pas \u00e9t\u00e9 laiss\u00e9e aux seuls historiens. En effet, d\u00e8s 1918, d\u2019anciennes activistes de la WSPU, l\u2019une des organisations les plus m\u00e9diatis\u00e9es et radicales dans son militantisme, ont entrepris un tr\u00e8s influent travail de comm\u00e9moration et d\u2019\u00e9criture de leur propre histoire.<\/p>\n\n\n\n<p>Leurs actions ont \u00e9t\u00e9 multiples, et savamment orchestr\u00e9es. L\u2019\u00e9dition d\u2019un journal et des c\u00e9l\u00e9brations annuelles, en particulier l\u2019anniversaire d\u2019Emmeline Pankhurst, fondatrice de la WSPU, ont entretenu la communaut\u00e9 et la pr\u00e9sence des suffragettes dans la m\u00e9moire collective. L\u2019\u00e9rection en 1930 d\u2019une statue d\u2019Emmeline Pankhurst \u00e0 proximit\u00e9 du Parlement \u00e0 Westminster a renforc\u00e9 sa position dominante parmi les leaders de la lutte pour le vote des femmes. Avec la r\u00e9colte de t\u00e9moignages et d\u2019objets, les militantes ont constitu\u00e9 une importante collection qui a permis de maintenir des traces tangibles de ces actions. [\u2026]<\/p>\n\n\n\n<p>Cette ma\u00eetrise de l\u2019image ne s\u2019est pas d\u00e9velopp\u00e9e a posteriori, mais a \u00e9t\u00e9 un \u00e9l\u00e9ment d\u00e9terminant de la lutte pour le suffrage f\u00e9minin. La capacit\u00e9 du mouvement \u2013&nbsp;toutes organisations confondues&nbsp;\u2013 \u00e0 se mettre en sc\u00e8ne a \u00e9t\u00e9 d\u00e9cisive tout au long de la campagne. Les femmes britanniques, alors relativement confin\u00e9es \u00e0 l\u2019environnement domestique et \u00e0 des lieux publics choisis, du moins pour les femmes des classes sup\u00e9rieures, ont d\u00fb pour rendre publiques leurs revendications investir l\u2019espace public et construire une image publique l\u00e9gitimant le vote f\u00e9minin. Cette soigneuse \u00e9laboration de l\u2019image est pass\u00e9e aussi bien par d\u2019imposants cort\u00e8ges dans les rues et l\u2019organisation d\u2019expositions et d\u2019\u00e9v\u00e9nements de charit\u00e9, que l\u2019\u00e9dition de journaux et de pamphlets ou encore de cartes postales destin\u00e9es \u00e0 contrecarrer l\u2019image de la suffragette comme harpie, m\u00e8re et \u00e9pouse indigne propag\u00e9e par de nombreux journaux. Une lutte qui est pass\u00e9e par un lobbying politique intense et durable, et des phases de militantisme plus disruptives, a ainsi aussi \u00e9t\u00e9 une lutte d\u2019image et de repr\u00e9sentation, avant comme apr\u00e8s l\u2019obtention du suffrage f\u00e9minin.&#8221;<\/p>\n\n\n\n<p><\/p>\n\n\n\n<p>Reading online at <a href=\"https:\/\/lecourrier.ch\/2018\/05\/13\/les-suffragettes-strateges-de-limage\/\">Le Courrier<\/a> (no paywall)<\/p>\n","protected":false},"excerpt":{"rendered":"<p>2018 | Le Courrier An article for the Swiss newspaper Le Courrier on the memorialisation strategies developed by the British suffragettes and their successful attempts at writing their own history and taking the memorialisation of their struggle into their own hands. Excerpts &#8220;L\u2019\u00e9criture de cette histoire controvers\u00e9e [la lutte pour le suffrage f\u00e9minin en Grande-Bretagne], [&hellip;]<\/p>\n","protected":false},"author":1,"featured_media":0,"parent":622,"menu_order":0,"comment_status":"closed","ping_status":"closed","template":"","meta":{"footnotes":""},"class_list":["post-660","page","type-page","status-publish","hentry"],"_links":{"self":[{"href":"https:\/\/danaepanchaud.net\/index.php\/wp-json\/wp\/v2\/pages\/660","targetHints":{"allow":["GET"]}}],"collection":[{"href":"https:\/\/danaepanchaud.net\/index.php\/wp-json\/wp\/v2\/pages"}],"about":[{"href":"https:\/\/danaepanchaud.net\/index.php\/wp-json\/wp\/v2\/types\/page"}],"author":[{"embeddable":true,"href":"https:\/\/danaepanchaud.net\/index.php\/wp-json\/wp\/v2\/users\/1"}],"replies":[{"embeddable":true,"href":"https:\/\/danaepanchaud.net\/index.php\/wp-json\/wp\/v2\/comments?post=660"}],"version-history":[{"count":2,"href":"https:\/\/danaepanchaud.net\/index.php\/wp-json\/wp\/v2\/pages\/660\/revisions"}],"predecessor-version":[{"id":689,"href":"https:\/\/danaepanchaud.net\/index.php\/wp-json\/wp\/v2\/pages\/660\/revisions\/689"}],"up":[{"embeddable":true,"href":"https:\/\/danaepanchaud.net\/index.php\/wp-json\/wp\/v2\/pages\/622"}],"wp:attachment":[{"href":"https:\/\/danaepanchaud.net\/index.php\/wp-json\/wp\/v2\/media?parent=660"}],"curies":[{"name":"wp","href":"https:\/\/api.w.org\/{rel}","templated":true}]}}