{"id":68,"date":"2017-08-15T17:46:24","date_gmt":"2017-08-15T15:46:24","guid":{"rendered":"http:\/\/danaepanchaud.net\/?page_id=68"},"modified":"2017-08-19T16:21:14","modified_gmt":"2017-08-19T14:21:14","slug":"nirvana-strange-forms-of-pleasure-fragrance-section","status":"publish","type":"page","link":"https:\/\/danaepanchaud.net\/index.php\/exhibitions\/nirvana-strange-forms-of-pleasure-fragrance-section\/","title":{"rendered":"Nirvana. Strange Forms of Pleasure: Fragrance section"},"content":{"rendered":"<p><img loading=\"lazy\" decoding=\"async\" class=\"aligncenter wp-image-70\" src=\"http:\/\/danaepanchaud.net\/wp-content\/uploads\/2017\/08\/Nirvana_65-300x234.jpg\" alt=\"View of the exhibition Nirvana at mudac\" width=\"2500\" height=\"1953\" srcset=\"https:\/\/danaepanchaud.net\/wp-content\/uploads\/2017\/08\/Nirvana_65-300x234.jpg 300w, https:\/\/danaepanchaud.net\/wp-content\/uploads\/2017\/08\/Nirvana_65-768x600.jpg 768w, https:\/\/danaepanchaud.net\/wp-content\/uploads\/2017\/08\/Nirvana_65-1024x800.jpg 1024w, https:\/\/danaepanchaud.net\/wp-content\/uploads\/2017\/08\/Nirvana_65-1200x937.jpg 1200w\" sizes=\"auto, (max-width: 2500px) 100vw, 2500px\" \/><\/p>\n<p><strong>Main curators: Marco Costantini and Susanne Hilpert-Stuber<\/strong><\/p>\n<p><strong>2014-2015 <\/strong><br \/>\n<strong>mudac, Lausanne<\/strong><\/p>\n<p><strong>2015-2016<\/strong><br \/>\n<strong> Gewerbemuseum, Winterthur<\/strong><\/p>\n<p>A selection of 14 contemporary fragrances related to animality, eroticism and fetishism for the design and contemporary art exhibition <em>Nirvana. Strange Forms of Pleasure<\/em>.<\/p>\n<p><em>Nirvana<\/em> is Switzerland\u2019s first international-level exhibition to be devoted to forms of pleasure in contemporary creation, exploring design as well as fashion, contemporary art and perfume, and the first comprehensive study of the influence of erotica on design and fashion. By turns bold, luxurious and mysterious, the exhibition presents works by around eighty artists and designers who draw on the iconography of pleasure in their creative work, nding inspiration in erotic and fetishist literature, along with the images, objects and clothing to which they frequently refer.<\/p>\n<p>The exhibition invites us to examine our own ideas and perceptions of pleasure. It forces us to observe how its forms of expression can cross the line from the private to the public sphere when they are the subject of fashion, design or art. The exhibition aims to examine our relationship with the forms and objects that give physical expression to our unconscious perceptions of sexuality and our private notions of pleasure.<\/p>\n<p>Celebrated and up-and-coming designers alike bring these multiple in uences into the spotlight, placing in the public sphere what has hitherto remained private. All these designers force us to question our value judgements on erotic practices by presenting unexpectedly luxurious items, worked to the highest standards of craftsmanship in leather, glass and precious metals.<\/p>\n<p><span style=\"color: #808080;\">Une s\u00e9lection de 14 parfums contemporains sur les th\u00e8mes du corps, de l\u2019animalit\u00e9, de l\u2019\u00e9rotisme et du f\u00e9tichisme pour l\u2019exposition de design et d\u2019art contemporain<em> Nirvana. Les \u00e9tranges formes du plaisir<\/em>.<\/span><\/p>\n<p><span style=\"color: #808080;\"><em>Nirvana<\/em> est la premi\u00e8re enqu\u00eate approfondie sur l\u2019influence des formes du plaisir dans le design, la mode ou encore l\u2019art contemporain. Audacieuse, luxueuse et myst\u00e9rieuse, elle pr\u00e9sente quatre-vingts cr\u00e9ateurs contemporains utilisant dans leur travail une iconographie li\u00e9e au plaisir, s\u2019inspirant aussi bien de la litt\u00e9rature \u00e9rotique et f\u00e9tichiste que des images, objets ou v\u00eatements concomitants auxquels ils font fr\u00e9quemment r\u00e9f\u00e9rence.<\/span><\/p>\n<p><span style=\"color: #808080;\">L\u2019exposition nous renvoie \u00e0 notre propre conception et perception du plaisir et permet notamment d\u2019observer comment les formes intimes sont d\u00e9voil\u00e9es lorsqu\u2019il est question de mode, de design ou d\u2019art. L\u2019objectif est d\u2019exprimer notre relation aux formes et aux objets li\u00e9s au regard que nous portons sur la sexualit\u00e9 et la notion de plaisir. Des cr\u00e9ateurs c\u00e9l\u00e8bres ou \u00e0 la r\u00e9putation grandissante questionnent ou mettent en sc\u00e8ne ces influences multiples en introduisant dans le champ du public ce qui, jusqu\u2019alors, \u00e9tait confin\u00e9 \u00e0 la sph\u00e8re priv\u00e9e.<\/span><\/p>\n<p>With fragrances by \u00c9ditions de parfums Fr\u00e9de\u00e9ric Malle, \u00c9tat Libre d\u2019Orange, Heeley, Lubin, Ma\u00eetre Parfumeur et Gantier, Nasomatto, Oriza L. Legrand, Parfum d\u2019Empire, Parfumerie G\u00e9n\u00e8rale, Vero Profumo<\/p>\n<p><img loading=\"lazy\" decoding=\"async\" class=\"aligncenter wp-image-74 size-full\" src=\"http:\/\/danaepanchaud.net\/wp-content\/uploads\/2017\/08\/NirvanaWinterthur-opening4.jpg\" alt=\"View of the exhibition Nirvana at Gewerbemuseum\" width=\"960\" height=\"640\" srcset=\"https:\/\/danaepanchaud.net\/wp-content\/uploads\/2017\/08\/NirvanaWinterthur-opening4.jpg 960w, https:\/\/danaepanchaud.net\/wp-content\/uploads\/2017\/08\/NirvanaWinterthur-opening4-300x200.jpg 300w, https:\/\/danaepanchaud.net\/wp-content\/uploads\/2017\/08\/NirvanaWinterthur-opening4-768x512.jpg 768w\" sizes=\"auto, (max-width: 960px) 100vw, 960px\" \/><\/p>\n<p><img loading=\"lazy\" decoding=\"async\" class=\"aligncenter wp-image-75 size-full\" src=\"http:\/\/danaepanchaud.net\/wp-content\/uploads\/2017\/08\/NirvanaWinterthur-opening3.jpg\" alt=\"View of the exhibition Nirvana at Gewerbemuseum\" width=\"640\" height=\"960\" srcset=\"https:\/\/danaepanchaud.net\/wp-content\/uploads\/2017\/08\/NirvanaWinterthur-opening3.jpg 640w, https:\/\/danaepanchaud.net\/wp-content\/uploads\/2017\/08\/NirvanaWinterthur-opening3-200x300.jpg 200w\" sizes=\"auto, (max-width: 640px) 100vw, 640px\" \/> <span style=\"color: #808080;\">Images: Olga Cafiero or Gewerbemuseum Winterthur<\/span><\/p>\n","protected":false},"excerpt":{"rendered":"<p>Main curators: Marco Costantini and Susanne Hilpert-Stuber 2014-2015 mudac, Lausanne 2015-2016 Gewerbemuseum, Winterthur A selection of 14 contemporary fragrances related to animality, eroticism and fetishism for the design and contemporary art exhibition Nirvana. Strange Forms of Pleasure. Nirvana is Switzerland\u2019s first international-level exhibition to be devoted to forms of pleasure in contemporary creation, exploring design [&hellip;]<\/p>\n","protected":false},"author":1,"featured_media":0,"parent":182,"menu_order":15,"comment_status":"closed","ping_status":"closed","template":"","meta":{"footnotes":""},"class_list":["post-68","page","type-page","status-publish","hentry"],"_links":{"self":[{"href":"https:\/\/danaepanchaud.net\/index.php\/wp-json\/wp\/v2\/pages\/68","targetHints":{"allow":["GET"]}}],"collection":[{"href":"https:\/\/danaepanchaud.net\/index.php\/wp-json\/wp\/v2\/pages"}],"about":[{"href":"https:\/\/danaepanchaud.net\/index.php\/wp-json\/wp\/v2\/types\/page"}],"author":[{"embeddable":true,"href":"https:\/\/danaepanchaud.net\/index.php\/wp-json\/wp\/v2\/users\/1"}],"replies":[{"embeddable":true,"href":"https:\/\/danaepanchaud.net\/index.php\/wp-json\/wp\/v2\/comments?post=68"}],"version-history":[{"count":3,"href":"https:\/\/danaepanchaud.net\/index.php\/wp-json\/wp\/v2\/pages\/68\/revisions"}],"predecessor-version":[{"id":77,"href":"https:\/\/danaepanchaud.net\/index.php\/wp-json\/wp\/v2\/pages\/68\/revisions\/77"}],"up":[{"embeddable":true,"href":"https:\/\/danaepanchaud.net\/index.php\/wp-json\/wp\/v2\/pages\/182"}],"wp:attachment":[{"href":"https:\/\/danaepanchaud.net\/index.php\/wp-json\/wp\/v2\/media?parent=68"}],"curies":[{"name":"wp","href":"https:\/\/api.w.org\/{rel}","templated":true}]}}