{"id":816,"date":"2021-03-06T13:44:59","date_gmt":"2021-03-06T12:44:59","guid":{"rendered":"https:\/\/danaepanchaud.net\/?page_id=816"},"modified":"2021-04-18T21:25:24","modified_gmt":"2021-04-18T19:25:24","slug":"prix-photoforum-2020","status":"publish","type":"page","link":"https:\/\/danaepanchaud.net\/index.php\/exhibitions\/prix-photoforum-2020\/","title":{"rendered":"Prix Photoforum 2020"},"content":{"rendered":"\n<figure class=\"wp-block-image size-large\"><img loading=\"lazy\" decoding=\"async\" width=\"1024\" height=\"683\" src=\"https:\/\/danaepanchaud.net\/wp-content\/uploads\/2021\/03\/Prix-Photoforum-2020-Image-Leonard-Rossi-1-1024x683.jpg\" alt=\"\" class=\"wp-image-817\" srcset=\"https:\/\/danaepanchaud.net\/wp-content\/uploads\/2021\/03\/Prix-Photoforum-2020-Image-Leonard-Rossi-1-1024x683.jpg 1024w, https:\/\/danaepanchaud.net\/wp-content\/uploads\/2021\/03\/Prix-Photoforum-2020-Image-Leonard-Rossi-1-300x200.jpg 300w, https:\/\/danaepanchaud.net\/wp-content\/uploads\/2021\/03\/Prix-Photoforum-2020-Image-Leonard-Rossi-1-768x512.jpg 768w, https:\/\/danaepanchaud.net\/wp-content\/uploads\/2021\/03\/Prix-Photoforum-2020-Image-Leonard-Rossi-1-1536x1024.jpg 1536w, https:\/\/danaepanchaud.net\/wp-content\/uploads\/2021\/03\/Prix-Photoforum-2020-Image-Leonard-Rossi-1-2048x1365.jpg 2048w\" sizes=\"auto, (max-width: 1024px) 100vw, 1024px\" \/><\/figure>\n\n\n\n<p>2021 |&nbsp;Photoforum Pasquart, Biel<\/p>\n\n\n\n<p>The Prix Photoforum is one of the few photography awards in Switzerland with no limits of nationality, age or career stage, and no imposed theme. As a result, it presents each year a great diversity of works, testifying to the richness of the contemporary photographic scene and the plurality of uses of the image. The projects selected this year reflect the remarkable commitment of contemporary photographers and artists to exploring major issues facing our society: ecology and the position of humanity in the face of the upheavals it is causing to the planet, migration out of and within Europe, systemic violence in Western society, the need for refuge and community, the negotiation of individual and collective identities, in particular. Alongside these concerned works are precise and rigorous explorations centred on the photographic medium, and issues of perception and representation. <\/p>\n\n\n\n<p>The Photoforum 2020 Prize, endowed with CHF 5,000, was awarded to the artist <a href=\"https:\/\/www.akosuaviktoria.com\/\">Akosua Viktoria Adu-Sanyah<\/a> for her project \u2018Inheritance. Poems of Non-Belonging\u2019, which is still largely unpublished. In her experimental and explorative work, the artist deals with her German-Ghanaian origins and the resulting challenges within social constructs. A need for belonging meets the urge to define the Self independently of external categorisation and free of preconceptions \u2013 the heterogeneous cultural identity leads to a sense of one\u2019s own incompatibility. While the work is strongly autobiographical, it also refers to the fatal consequences of systemic racism and racial inequality which have gained a new level of global awareness triggered by the case of Derek Chauvin and George Floyd and the subsequent global protest movements.<\/p>\n\n\n\n<p>The jury also decided to award a special mention to the photographer Camille Millerand for his long-term project <em>Bled Runner<\/em>. This work, initiated in Algeria in 2015, follows the long-term migratory routes of people who have undertaken to reach Europe clandestinely, and whose trajectory will lead them to Europe, to other African countries, or on the way back to their country of origin.<\/p>\n\n\n\n<p><strong>With Akosua Viktoria Adu-Sanyah, Alexandra Baumgartner, Sabina B\u00f6sch, Aline Bovard Rudaz, C\u00e9line Brunko, Alexandra Dautel, Samuel Haettenschweiler, Nicole Hametner, Camille Millerand, Marcel Rickli, L\u00e9onard Rossi and Martin Widmer.<\/strong><\/p>\n\n\n\n<p class=\"has-text-color\" style=\"color:#7e7e7e\">Le Prix Photoforum est l\u2019un des rares prix de photographies en Suisse sans limites de nationalit\u00e9, d\u2019\u00e2ge ou d\u2019\u00e9tape de carri\u00e8re, et sans th\u00e9matique impos\u00e9e. Il pr\u00e9sente en cons\u00e9quence chaque ann\u00e9e une grande diversit\u00e9 de travaux, t\u00e9moignant de la richesse de la sc\u00e8ne photographique contemporaine, et de la diversit\u00e9 des usages de l\u2019image. Les projets s\u00e9lectionn\u00e9s cette ann\u00e9e refl\u00e8tent l\u2019engagement remarquable des photographes et artistes contemporains \u00e0 explorer des probl\u00e9matiques majeures auxquelles notre soci\u00e9t\u00e9 est confront\u00e9e : l\u2019\u00e9cologie et la position de l\u2019homme face aux bouleversements qu\u2019il fait subir \u00e0 la plan\u00e8te, la migration hors de l\u2019Europe et en Europe, les violences syst\u00e9miques dans la soci\u00e9t\u00e9 occidentale, le besoin de refuge et de communaut\u00e9, la n\u00e9gociation des identit\u00e9s individuelles et collectives, notamment. Aux c\u00f4t\u00e9s de ces travaux engag\u00e9s figurent des explorations pr\u00e9cises et rigoureuses centr\u00e9es sur le m\u00e9dium photographique, la perception et la repr\u00e9sentation.<\/p>\n\n\n\n<p class=\"has-text-color\" style=\"color:#7e7e7e\">Le Prix Photoforum 2020, dot\u00e9 de CHF 5\u2019000, a \u00e9t\u00e9 d\u00e9cern\u00e9 \u00e0 l\u2019artiste <a href=\"https:\/\/www.akosuaviktoria.com\">Akosua Viktoria Adu-Sanyah<\/a> pour son projet <em>Inheritance. Poems of Non-Belonging<\/em>, encore en large part in\u00e9dit. Ce travail prot\u00e9iforme, exp\u00e9rimental et exploratoire, traite des origines allemandes et ghan\u00e9ennes de l\u2019artiste et des r\u00e9alit\u00e9s sociales qui en d\u00e9coulent. Le besoin d\u2019appartenance est confront\u00e9 \u00e0 la n\u00e9cessit\u00e9 de se d\u00e9finir soi-m\u00eame, ind\u00e9pendamment des cat\u00e9gorisations ext\u00e9rieures et des pr\u00e9jug\u00e9s \u2013 l\u2019identit\u00e9 culturelle h\u00e9t\u00e9rog\u00e8nes m\u00e8ne \u00e0 un sentiment d\u2019incompatibilit\u00e9 personnelle. Si le projet est profond\u00e9ment autobiographique, il fait aussi r\u00e9f\u00e9rence au racisme syst\u00e9mique et quotidien, dont les cons\u00e9quences fatales ont connu une nouvelle actualit\u00e9 avec le cas de Derek Chauvin et George Floyd et le mouvement de protestation global qui s\u2019en est suivi.<\/p>\n\n\n\n<p class=\"has-text-color\" style=\"color:#7e7e7e\">Le jury a \u00e9galement souhait\u00e9 d\u00e9cerner une mention sp\u00e9ciale au photographe <a href=\"http:\/\/www.camillemillerand.com\">Camille Millerand<\/a> pour son projet au long cours <em>Bled Runner<\/em>. Ce travail, initi\u00e9 en Alg\u00e9rie en 2015, suit sur le long terme les parcours migratoires de personnes qui ont entrepris de partir clandestinement vers l\u2019Europe, et dont la trajectoire les m\u00e8nera aussi bien vers l\u2019Europe que vers d\u2019autres pays d\u2019Afrique, ou encore sur le chemin du retour vers leur pays d\u2019origine.<\/p>\n\n\n\n<p class=\"has-text-color\" style=\"color:#7e7e7e\">L\u2019\u00e9dition 2020 du Prix Photoforum a re\u00e7u les propositions de 164 artistes et photographes. Le jury \u2013 compos\u00e9 de Rolando Bassetti (directeur, Centre d\u2019Art Contemporain d\u2019Yverdon-les-Bains), Doris Gassert (research curator, Fotomuseum Winterthur), Yann Mingard (photographe et membre du comit\u00e9), Dana\u00e9 Panchaud (directrice, Photoforum Pasquart), et Maren Polte (responsable des formations BA et MA de m\u00e9diation culturelle \u00e0 la Haute \u00e9cole des arts de Berne) \u2013 a s\u00e9lectionn\u00e9 douze artistes et photographes pour l\u2019exposition du Prix Photoforum 2020, a nomm\u00e9 une laur\u00e9ate et attribu\u00e9 une mention sp\u00e9ciale du jury.<\/p>\n\n\n\n<p class=\"has-text-color\" style=\"color:#7e7e7e\"><strong>Avec<\/strong> <strong>Akosua Viktoria Adu-Sanyah, Alexandra Baumgartner, Sabina B\u00f6sch, Aline Bovard Rudaz, C\u00e9line Brunko, Alexandra Dautel, Samuel Haettenschweiler, Nicole Hametner, Camille Millerand, Marcel Rickli, L\u00e9onard Rossi et Martin Widmer.<\/strong><\/p>\n\n\n\n<figure class=\"wp-block-image size-large\"><img loading=\"lazy\" decoding=\"async\" width=\"1024\" height=\"683\" src=\"https:\/\/danaepanchaud.net\/wp-content\/uploads\/2021\/03\/Prix-Photoforum-2020-Image-Leonard-Rossi-5-1024x683.jpg\" alt=\"\" class=\"wp-image-818\" srcset=\"https:\/\/danaepanchaud.net\/wp-content\/uploads\/2021\/03\/Prix-Photoforum-2020-Image-Leonard-Rossi-5-1024x683.jpg 1024w, https:\/\/danaepanchaud.net\/wp-content\/uploads\/2021\/03\/Prix-Photoforum-2020-Image-Leonard-Rossi-5-300x200.jpg 300w, https:\/\/danaepanchaud.net\/wp-content\/uploads\/2021\/03\/Prix-Photoforum-2020-Image-Leonard-Rossi-5-768x512.jpg 768w, https:\/\/danaepanchaud.net\/wp-content\/uploads\/2021\/03\/Prix-Photoforum-2020-Image-Leonard-Rossi-5-1536x1024.jpg 1536w, https:\/\/danaepanchaud.net\/wp-content\/uploads\/2021\/03\/Prix-Photoforum-2020-Image-Leonard-Rossi-5-2048x1365.jpg 2048w\" sizes=\"auto, (max-width: 1024px) 100vw, 1024px\" \/><\/figure>\n\n\n\n<figure class=\"wp-block-image size-large\"><img loading=\"lazy\" decoding=\"async\" width=\"1024\" height=\"689\" src=\"https:\/\/danaepanchaud.net\/wp-content\/uploads\/2021\/04\/Prix-Photoforum-2020-Akosua-Viktoria-Adu-Sanyah_4755-1024x689.jpg\" alt=\"\" class=\"wp-image-843\" srcset=\"https:\/\/danaepanchaud.net\/wp-content\/uploads\/2021\/04\/Prix-Photoforum-2020-Akosua-Viktoria-Adu-Sanyah_4755-1024x689.jpg 1024w, https:\/\/danaepanchaud.net\/wp-content\/uploads\/2021\/04\/Prix-Photoforum-2020-Akosua-Viktoria-Adu-Sanyah_4755-300x202.jpg 300w, https:\/\/danaepanchaud.net\/wp-content\/uploads\/2021\/04\/Prix-Photoforum-2020-Akosua-Viktoria-Adu-Sanyah_4755-768x517.jpg 768w, https:\/\/danaepanchaud.net\/wp-content\/uploads\/2021\/04\/Prix-Photoforum-2020-Akosua-Viktoria-Adu-Sanyah_4755-1536x1033.jpg 1536w, https:\/\/danaepanchaud.net\/wp-content\/uploads\/2021\/04\/Prix-Photoforum-2020-Akosua-Viktoria-Adu-Sanyah_4755-2048x1378.jpg 2048w\" sizes=\"auto, (max-width: 1024px) 100vw, 1024px\" \/><\/figure>\n\n\n\n<figure class=\"wp-block-image size-large\"><img loading=\"lazy\" decoding=\"async\" width=\"1024\" height=\"683\" src=\"https:\/\/danaepanchaud.net\/wp-content\/uploads\/2021\/04\/Prix-Photoforum-2020-Martin-Widmer-3-9512-1024x683.jpeg\" alt=\"\" class=\"wp-image-842\" srcset=\"https:\/\/danaepanchaud.net\/wp-content\/uploads\/2021\/04\/Prix-Photoforum-2020-Martin-Widmer-3-9512-1024x683.jpeg 1024w, https:\/\/danaepanchaud.net\/wp-content\/uploads\/2021\/04\/Prix-Photoforum-2020-Martin-Widmer-3-9512-300x200.jpeg 300w, https:\/\/danaepanchaud.net\/wp-content\/uploads\/2021\/04\/Prix-Photoforum-2020-Martin-Widmer-3-9512-768x512.jpeg 768w, https:\/\/danaepanchaud.net\/wp-content\/uploads\/2021\/04\/Prix-Photoforum-2020-Martin-Widmer-3-9512-1536x1024.jpeg 1536w, https:\/\/danaepanchaud.net\/wp-content\/uploads\/2021\/04\/Prix-Photoforum-2020-Martin-Widmer-3-9512-2048x1365.jpeg 2048w\" sizes=\"auto, (max-width: 1024px) 100vw, 1024px\" \/><\/figure>\n\n\n\n<figure class=\"wp-block-image size-large\"><img loading=\"lazy\" decoding=\"async\" width=\"1024\" height=\"683\" src=\"https:\/\/danaepanchaud.net\/wp-content\/uploads\/2021\/03\/Prix-Photoforum-2020-Image-Leonard-Rossi-20-1024x683.jpg\" alt=\"\" class=\"wp-image-820\" srcset=\"https:\/\/danaepanchaud.net\/wp-content\/uploads\/2021\/03\/Prix-Photoforum-2020-Image-Leonard-Rossi-20-1024x683.jpg 1024w, https:\/\/danaepanchaud.net\/wp-content\/uploads\/2021\/03\/Prix-Photoforum-2020-Image-Leonard-Rossi-20-300x200.jpg 300w, https:\/\/danaepanchaud.net\/wp-content\/uploads\/2021\/03\/Prix-Photoforum-2020-Image-Leonard-Rossi-20-768x512.jpg 768w, https:\/\/danaepanchaud.net\/wp-content\/uploads\/2021\/03\/Prix-Photoforum-2020-Image-Leonard-Rossi-20-1536x1024.jpg 1536w, https:\/\/danaepanchaud.net\/wp-content\/uploads\/2021\/03\/Prix-Photoforum-2020-Image-Leonard-Rossi-20-2048x1365.jpg 2048w\" sizes=\"auto, (max-width: 1024px) 100vw, 1024px\" \/><\/figure>\n\n\n\n<figure class=\"wp-block-image size-large\"><img loading=\"lazy\" decoding=\"async\" width=\"1024\" height=\"683\" src=\"https:\/\/danaepanchaud.net\/wp-content\/uploads\/2021\/03\/Prix-Photoforum-2020-Image-Leonard-Rossi-10-1024x683.jpg\" alt=\"\" class=\"wp-image-819\" srcset=\"https:\/\/danaepanchaud.net\/wp-content\/uploads\/2021\/03\/Prix-Photoforum-2020-Image-Leonard-Rossi-10-1024x683.jpg 1024w, https:\/\/danaepanchaud.net\/wp-content\/uploads\/2021\/03\/Prix-Photoforum-2020-Image-Leonard-Rossi-10-300x200.jpg 300w, https:\/\/danaepanchaud.net\/wp-content\/uploads\/2021\/03\/Prix-Photoforum-2020-Image-Leonard-Rossi-10-768x512.jpg 768w, https:\/\/danaepanchaud.net\/wp-content\/uploads\/2021\/03\/Prix-Photoforum-2020-Image-Leonard-Rossi-10-1536x1024.jpg 1536w, https:\/\/danaepanchaud.net\/wp-content\/uploads\/2021\/03\/Prix-Photoforum-2020-Image-Leonard-Rossi-10-2048x1365.jpg 2048w\" sizes=\"auto, (max-width: 1024px) 100vw, 1024px\" \/><\/figure>\n\n\n\n<figure class=\"wp-block-image size-large\"><img loading=\"lazy\" decoding=\"async\" width=\"1024\" height=\"683\" src=\"https:\/\/danaepanchaud.net\/wp-content\/uploads\/2021\/03\/Prix-Photoforum-2020-Image-Leonard-Rossi-23-1024x683.jpg\" alt=\"\" class=\"wp-image-821\" srcset=\"https:\/\/danaepanchaud.net\/wp-content\/uploads\/2021\/03\/Prix-Photoforum-2020-Image-Leonard-Rossi-23-1024x683.jpg 1024w, https:\/\/danaepanchaud.net\/wp-content\/uploads\/2021\/03\/Prix-Photoforum-2020-Image-Leonard-Rossi-23-300x200.jpg 300w, https:\/\/danaepanchaud.net\/wp-content\/uploads\/2021\/03\/Prix-Photoforum-2020-Image-Leonard-Rossi-23-768x512.jpg 768w, https:\/\/danaepanchaud.net\/wp-content\/uploads\/2021\/03\/Prix-Photoforum-2020-Image-Leonard-Rossi-23-1536x1024.jpg 1536w, https:\/\/danaepanchaud.net\/wp-content\/uploads\/2021\/03\/Prix-Photoforum-2020-Image-Leonard-Rossi-23-2048x1365.jpg 2048w\" sizes=\"auto, (max-width: 1024px) 100vw, 1024px\" \/><\/figure>\n\n\n\n<figure class=\"wp-block-image size-large\"><img loading=\"lazy\" decoding=\"async\" width=\"1024\" height=\"683\" src=\"https:\/\/danaepanchaud.net\/wp-content\/uploads\/2021\/03\/Prix-Photoforum-2020-Image-Leonard-Rossi-33-1024x683.jpg\" alt=\"\" class=\"wp-image-823\" srcset=\"https:\/\/danaepanchaud.net\/wp-content\/uploads\/2021\/03\/Prix-Photoforum-2020-Image-Leonard-Rossi-33-1024x683.jpg 1024w, https:\/\/danaepanchaud.net\/wp-content\/uploads\/2021\/03\/Prix-Photoforum-2020-Image-Leonard-Rossi-33-300x200.jpg 300w, https:\/\/danaepanchaud.net\/wp-content\/uploads\/2021\/03\/Prix-Photoforum-2020-Image-Leonard-Rossi-33-768x512.jpg 768w, https:\/\/danaepanchaud.net\/wp-content\/uploads\/2021\/03\/Prix-Photoforum-2020-Image-Leonard-Rossi-33-1536x1024.jpg 1536w, https:\/\/danaepanchaud.net\/wp-content\/uploads\/2021\/03\/Prix-Photoforum-2020-Image-Leonard-Rossi-33-2048x1365.jpg 2048w\" sizes=\"auto, (max-width: 1024px) 100vw, 1024px\" \/><\/figure>\n\n\n\n<figure class=\"wp-block-image size-large\"><img loading=\"lazy\" decoding=\"async\" width=\"1024\" height=\"683\" src=\"https:\/\/danaepanchaud.net\/wp-content\/uploads\/2021\/03\/Prix-Photoforum-2020-Image-Leonard-Rossi-31-1024x683.jpg\" alt=\"\" class=\"wp-image-822\" srcset=\"https:\/\/danaepanchaud.net\/wp-content\/uploads\/2021\/03\/Prix-Photoforum-2020-Image-Leonard-Rossi-31-1024x683.jpg 1024w, https:\/\/danaepanchaud.net\/wp-content\/uploads\/2021\/03\/Prix-Photoforum-2020-Image-Leonard-Rossi-31-300x200.jpg 300w, https:\/\/danaepanchaud.net\/wp-content\/uploads\/2021\/03\/Prix-Photoforum-2020-Image-Leonard-Rossi-31-768x512.jpg 768w, https:\/\/danaepanchaud.net\/wp-content\/uploads\/2021\/03\/Prix-Photoforum-2020-Image-Leonard-Rossi-31-1536x1024.jpg 1536w, https:\/\/danaepanchaud.net\/wp-content\/uploads\/2021\/03\/Prix-Photoforum-2020-Image-Leonard-Rossi-31-2048x1365.jpg 2048w\" sizes=\"auto, (max-width: 1024px) 100vw, 1024px\" \/><\/figure>\n\n\n\n<figure class=\"wp-block-image size-large\"><img loading=\"lazy\" decoding=\"async\" width=\"1024\" height=\"683\" src=\"https:\/\/danaepanchaud.net\/wp-content\/uploads\/2021\/04\/Prix-Photoforum-2020-Alexandra-Baumgartner_4738-web-1024x683.jpg\" alt=\"\" class=\"wp-image-844\" srcset=\"https:\/\/danaepanchaud.net\/wp-content\/uploads\/2021\/04\/Prix-Photoforum-2020-Alexandra-Baumgartner_4738-web-1024x683.jpg 1024w, https:\/\/danaepanchaud.net\/wp-content\/uploads\/2021\/04\/Prix-Photoforum-2020-Alexandra-Baumgartner_4738-web-300x200.jpg 300w, https:\/\/danaepanchaud.net\/wp-content\/uploads\/2021\/04\/Prix-Photoforum-2020-Alexandra-Baumgartner_4738-web-768x512.jpg 768w, https:\/\/danaepanchaud.net\/wp-content\/uploads\/2021\/04\/Prix-Photoforum-2020-Alexandra-Baumgartner_4738-web.jpg 1200w\" sizes=\"auto, (max-width: 1024px) 100vw, 1024px\" \/><\/figure>\n\n\n\n<figure class=\"wp-block-image size-large\"><img loading=\"lazy\" decoding=\"async\" width=\"1024\" height=\"724\" src=\"https:\/\/danaepanchaud.net\/wp-content\/uploads\/2021\/04\/Prix-Photoforum-2020-Camille-Millerand-_4732-web-1024x724.jpg\" alt=\"\" class=\"wp-image-845\" srcset=\"https:\/\/danaepanchaud.net\/wp-content\/uploads\/2021\/04\/Prix-Photoforum-2020-Camille-Millerand-_4732-web-1024x724.jpg 1024w, https:\/\/danaepanchaud.net\/wp-content\/uploads\/2021\/04\/Prix-Photoforum-2020-Camille-Millerand-_4732-web-300x212.jpg 300w, https:\/\/danaepanchaud.net\/wp-content\/uploads\/2021\/04\/Prix-Photoforum-2020-Camille-Millerand-_4732-web-768x543.jpg 768w, https:\/\/danaepanchaud.net\/wp-content\/uploads\/2021\/04\/Prix-Photoforum-2020-Camille-Millerand-_4732-web.jpg 1200w\" sizes=\"auto, (max-width: 1024px) 100vw, 1024px\" \/><\/figure>\n\n\n\n<p>Exhibition views by L\u00e9onard Rossi <\/p>\n\n\n\n<p><\/p>\n","protected":false},"excerpt":{"rendered":"<p>2021 |&nbsp;Photoforum Pasquart, Biel The Prix Photoforum is one of the few photography awards in Switzerland with no limits of nationality, age or career stage, and no imposed theme. As a result, it presents each year a great diversity of works, testifying to the richness of the contemporary photographic scene and the plurality of uses [&hellip;]<\/p>\n","protected":false},"author":1,"featured_media":0,"parent":182,"menu_order":0,"comment_status":"closed","ping_status":"closed","template":"","meta":{"footnotes":""},"class_list":["post-816","page","type-page","status-publish","hentry"],"_links":{"self":[{"href":"https:\/\/danaepanchaud.net\/index.php\/wp-json\/wp\/v2\/pages\/816","targetHints":{"allow":["GET"]}}],"collection":[{"href":"https:\/\/danaepanchaud.net\/index.php\/wp-json\/wp\/v2\/pages"}],"about":[{"href":"https:\/\/danaepanchaud.net\/index.php\/wp-json\/wp\/v2\/types\/page"}],"author":[{"embeddable":true,"href":"https:\/\/danaepanchaud.net\/index.php\/wp-json\/wp\/v2\/users\/1"}],"replies":[{"embeddable":true,"href":"https:\/\/danaepanchaud.net\/index.php\/wp-json\/wp\/v2\/comments?post=816"}],"version-history":[{"count":3,"href":"https:\/\/danaepanchaud.net\/index.php\/wp-json\/wp\/v2\/pages\/816\/revisions"}],"predecessor-version":[{"id":846,"href":"https:\/\/danaepanchaud.net\/index.php\/wp-json\/wp\/v2\/pages\/816\/revisions\/846"}],"up":[{"embeddable":true,"href":"https:\/\/danaepanchaud.net\/index.php\/wp-json\/wp\/v2\/pages\/182"}],"wp:attachment":[{"href":"https:\/\/danaepanchaud.net\/index.php\/wp-json\/wp\/v2\/media?parent=816"}],"curies":[{"name":"wp","href":"https:\/\/api.w.org\/{rel}","templated":true}]}}